CRAN Package Check Results for Package covTestR

Last updated on 2024-02-29 08:48:50 CET.

Flavor Version Tinstall Tcheck Ttotal Status Flags
r-devel-linux-x86_64-debian-clang 0.1.4 188.26 39.84 228.10 NOTE
r-devel-linux-x86_64-debian-gcc 0.1.4 154.30 30.43 184.73 NOTE
r-devel-linux-x86_64-fedora-clang 0.1.4 358.85 NOTE
r-devel-linux-x86_64-fedora-gcc 0.1.4 347.69 NOTE
r-devel-windows-x86_64 0.1.4 144.00 76.00 220.00 NOTE
r-patched-linux-x86_64 0.1.4 188.56 38.75 227.31 NOTE
r-release-linux-x86_64 0.1.4 185.43 38.78 224.21 NOTE
r-release-macos-arm64 0.1.4 82.00 NOTE
r-release-macos-x86_64 0.1.4 119.00 NOTE
r-release-windows-x86_64 0.1.4 184.00 82.00 266.00 NOTE
r-oldrel-macos-arm64 0.1.4 64.00 NOTE
r-oldrel-windows-x86_64 0.1.4 181.00 79.00 260.00 NOTE

Check Details

Version: 0.1.4
Check: C++ specification
Result: NOTE Specified C++11: please drop specification unless essential Flavors: r-devel-linux-x86_64-debian-clang, r-devel-linux-x86_64-debian-gcc, r-devel-linux-x86_64-fedora-clang, r-devel-linux-x86_64-fedora-gcc, r-devel-windows-x86_64, r-patched-linux-x86_64, r-release-linux-x86_64, r-release-macos-arm64, r-release-macos-x86_64, r-release-windows-x86_64

Version: 0.1.4
Check: LazyData
Result: NOTE 'LazyData' is specified without a 'data' directory Flavors: r-devel-linux-x86_64-debian-clang, r-devel-linux-x86_64-debian-gcc, r-devel-linux-x86_64-fedora-clang, r-devel-linux-x86_64-fedora-gcc, r-devel-windows-x86_64, r-patched-linux-x86_64, r-release-linux-x86_64, r-release-macos-arm64, r-release-macos-x86_64, r-release-windows-x86_64, r-oldrel-macos-arm64, r-oldrel-windows-x86_64