CRAN Package Check Results for Package covatest

Last updated on 2024-02-21 00:54:25 CET.

Flavor Version Tinstall Tcheck Ttotal Status Flags
r-devel-linux-x86_64-debian-clang 1.2.3 OK
r-devel-linux-x86_64-debian-gcc 1.2.3 16.63 81.48 98.11 OK
r-devel-linux-x86_64-fedora-clang 1.2.3 157.05 NOTE
r-devel-linux-x86_64-fedora-gcc 1.2.3 158.15 NOTE
r-devel-windows-x86_64 1.2.3 16.00 98.00 114.00 OK
r-patched-linux-x86_64 1.2.3 18.60 107.28 125.88 OK
r-release-linux-x86_64 1.2.3 21.44 106.20 127.64 OK
r-release-macos-arm64 1.2.3 42.00 OK
r-release-macos-x86_64 1.2.3 121.00 OK
r-release-windows-x86_64 1.2.3 22.00 117.00 139.00 OK
r-oldrel-macos-arm64 1.2.3 45.00 OK
r-oldrel-windows-x86_64 1.2.3 23.00 115.00 138.00 OK

Check Details

Version: 1.2.3
Check: dependencies in R code
Result: NOTE Namespace in Imports field not imported from: ‘gstat’ All declared Imports should be used. Flavors: r-devel-linux-x86_64-fedora-clang, r-devel-linux-x86_64-fedora-gcc