CRAN Package Check Results for Package covdepGE

Last updated on 2024-03-02 00:53:22 CET.

Flavor Version Tinstall Tcheck Ttotal Status Flags
r-devel-linux-x86_64-debian-clang 1.0.1 44.60 118.33 162.93 NOTE
r-devel-linux-x86_64-debian-gcc 1.0.1 34.86 213.95 248.81 NOTE
r-devel-linux-x86_64-fedora-clang 1.0.1 284.65 NOTE
r-devel-linux-x86_64-fedora-gcc 1.0.1 282.25 NOTE
r-devel-windows-x86_64 1.0.1 36.00 121.00 157.00 NOTE
r-patched-linux-x86_64 1.0.1 43.97 230.37 274.34 NOTE
r-release-linux-x86_64 1.0.1 45.85 223.43 269.28 NOTE
r-release-macos-arm64 1.0.1 65.00 NOTE
r-release-macos-x86_64 1.0.1 94.00 NOTE
r-release-windows-x86_64 1.0.1 43.00 143.00 186.00 NOTE
r-oldrel-macos-arm64 1.0.1 61.00 OK
r-oldrel-windows-x86_64 1.0.1 43.00 141.00 184.00 OK

Check Details

Version: 1.0.1
Check: C++ specification
Result: NOTE Specified C++11: please drop specification unless essential Flavors: r-devel-linux-x86_64-debian-clang, r-devel-linux-x86_64-debian-gcc, r-devel-linux-x86_64-fedora-clang, r-devel-linux-x86_64-fedora-gcc, r-devel-windows-x86_64, r-patched-linux-x86_64, r-release-linux-x86_64, r-release-macos-arm64, r-release-macos-x86_64, r-release-windows-x86_64