CRAN Package Check Results for Package covid19brazil

Last updated on 2024-02-25 16:51:38 CET.

Flavor Version Tinstall Tcheck Ttotal Status Flags
r-devel-linux-x86_64-debian-clang 0.1.0 76.00 53.33 129.33 OK
r-devel-linux-x86_64-debian-gcc 0.1.0 61.87 43.92 105.79 OK
r-devel-linux-x86_64-fedora-clang 0.1.0 179.18 NOTE
r-devel-linux-x86_64-fedora-gcc 0.1.0 173.80 NOTE
r-devel-windows-x86_64 0.1.0 65.00 63.00 128.00 OK
r-patched-linux-x86_64 0.1.0 53.88 53.55 107.43 OK
r-release-linux-x86_64 0.1.0 55.35 53.48 108.83 OK
r-release-macos-arm64 0.1.0 81.00 NOTE
r-release-macos-x86_64 0.1.0 115.00 NOTE
r-release-windows-x86_64 0.1.0 85.00 68.00 153.00 OK
r-oldrel-macos-arm64 0.1.0 84.00 NOTE
r-oldrel-windows-x86_64 0.1.0 90.00 78.00 168.00 OK

Check Details

Version: 0.1.0
Check: data for non-ASCII characters
Result: NOTE Note: found 1934235 marked UTF-8 strings Flavors: r-devel-linux-x86_64-fedora-clang, r-devel-linux-x86_64-fedora-gcc, r-oldrel-macos-arm64

Version: 0.1.0
Check: installed package size
Result: NOTE installed size is 5.2Mb sub-directories of 1Mb or more: data 5.1Mb Flavors: r-release-macos-arm64, r-release-macos-x86_64, r-oldrel-macos-arm64