CRAN Package Check Results for Package covid19india

Last updated on 2024-02-27 16:49:13 CET.

Flavor Version Tinstall Tcheck Ttotal Status Flags
r-devel-linux-x86_64-debian-clang 0.1.4 17.11 121.05 138.16 OK
r-devel-linux-x86_64-debian-gcc 0.1.4 12.88 90.71 103.59 OK
r-devel-linux-x86_64-fedora-clang 0.1.4 173.19 NOTE
r-devel-linux-x86_64-fedora-gcc 0.1.4 161.64 NOTE
r-devel-windows-x86_64 0.1.4 14.00 103.00 117.00 OK
r-patched-linux-x86_64 0.1.4 9.71 118.38 128.09 OK
r-release-linux-x86_64 0.1.4 9.85 116.14 125.99 OK
r-release-macos-arm64 0.1.4 48.00 OK
r-release-macos-x86_64 0.1.4 79.00 OK
r-release-windows-x86_64 0.1.4 18.00 130.00 148.00 OK
r-oldrel-macos-arm64 0.1.4 49.00 NOTE
r-oldrel-windows-x86_64 0.1.4 19.00 125.00 144.00 OK

Check Details

Version: 0.1.4
Check: dependencies in R code
Result: NOTE Namespaces in Imports field not imported from: ‘httr’ ‘stringr’ All declared Imports should be used. Flavors: r-devel-linux-x86_64-fedora-clang, r-devel-linux-x86_64-fedora-gcc, r-oldrel-macos-arm64