CRAN Package Check Results for Package covidnor

Last updated on 2024-02-26 08:48:41 CET.

Flavor Version Tinstall Tcheck Ttotal Status Flags
r-devel-linux-x86_64-debian-clang 2023.05.18 11.69 51.22 62.91 OK
r-devel-linux-x86_64-debian-gcc 2023.05.18 8.23 38.97 47.20 OK
r-devel-linux-x86_64-fedora-clang 2023.05.18 79.82 NOTE
r-devel-linux-x86_64-fedora-gcc 2023.05.18 86.85 NOTE
r-devel-windows-x86_64 2023.05.18 11.00 61.00 72.00 OK
r-patched-linux-x86_64 2023.05.18 9.85 50.44 60.29 OK
r-release-linux-x86_64 2023.05.18 9.36 49.84 59.20 OK
r-release-macos-arm64 2023.05.18 37.00 OK
r-release-macos-x86_64 2023.05.18 98.00 OK
r-release-windows-x86_64 2023.05.18 11.00 62.00 73.00 OK
r-oldrel-macos-arm64 2023.05.18 36.00 OK
r-oldrel-windows-x86_64 2023.05.18 12.00 71.00 83.00 OK

Check Details

Version: 2023.05.18
Check: data for non-ASCII characters
Result: NOTE Note: found 213180 marked UTF-8 strings Flavors: r-devel-linux-x86_64-fedora-clang, r-devel-linux-x86_64-fedora-gcc