CRAN Package Check Results for Package coxrobust

Last updated on 2024-02-21 00:54:25 CET.

Flavor Version Tinstall Tcheck Ttotal Status Flags
r-devel-linux-x86_64-debian-clang 1.0.1 NOTE
r-devel-linux-x86_64-debian-gcc 1.0.1 8.10 52.72 60.82 NOTE
r-devel-linux-x86_64-fedora-clang 1.0.1 96.92 OK
r-devel-linux-x86_64-fedora-gcc 1.0.1 93.81 OK
r-devel-windows-x86_64 1.0.1 14.00 73.00 87.00 OK
r-patched-linux-x86_64 1.0.1 8.28 68.69 76.97 OK
r-release-linux-x86_64 1.0.1 8.57 67.98 76.55 OK
r-release-macos-arm64 1.0.1 33.00 OK
r-release-macos-x86_64 1.0.1 55.00 OK
r-release-windows-x86_64 1.0.1 17.00 79.00 96.00 OK
r-oldrel-macos-arm64 1.0.1 38.00 OK
r-oldrel-windows-x86_64 1.0.1 18.00 82.00 100.00 OK

Check Details

Version: 1.0.1
Check: Rd files
Result: NOTE checkRd: (-1) gen_data.Rd:21: Lost braces in \itemize; \value handles \item{}{} directly checkRd: (-1) gen_data.Rd:22: Lost braces in \itemize; \value handles \item{}{} directly checkRd: (-1) gen_data.Rd:23-24: Lost braces in \itemize; \value handles \item{}{} directly checkRd: (-1) plot.coxr.Rd:36: Lost braces in \itemize; \value handles \item{}{} directly checkRd: (-1) plot.coxr.Rd:37: Lost braces in \itemize; \value handles \item{}{} directly checkRd: (-1) plot.coxr.Rd:38-39: Lost braces in \itemize; \value handles \item{}{} directly Flavors: r-devel-linux-x86_64-debian-clang, r-devel-linux-x86_64-debian-gcc