CRAN Package Check Results for Package cpr

Last updated on 2024-02-27 16:49:13 CET.

Flavor Version Tinstall Tcheck Ttotal Status Flags
r-devel-linux-x86_64-debian-clang 0.4.0 87.83 441.51 529.34 OK
r-devel-linux-x86_64-debian-gcc 0.4.0 60.35 324.73 385.08 OK
r-devel-linux-x86_64-fedora-clang 0.4.0 667.73 OK
r-devel-linux-x86_64-fedora-gcc 0.4.0 669.43 OK
r-devel-windows-x86_64 0.4.0 64.00 359.00 423.00 OK
r-patched-linux-x86_64 0.4.0 78.13 409.95 488.08 OK
r-release-linux-x86_64 0.4.0 58.38 398.78 457.16 OK
r-release-macos-arm64 0.4.0 182.00 NOTE
r-release-macos-x86_64 0.4.0 354.00 NOTE
r-release-windows-x86_64 0.4.0 84.00 426.00 510.00 OK
r-oldrel-macos-arm64 0.4.0 280.00 NOTE
r-oldrel-windows-x86_64 0.4.0 79.00 425.00 504.00 OK

Check Details

Version: 0.4.0
Check: installed package size
Result: NOTE installed size is 5.3Mb sub-directories of 1Mb or more: doc 1.6Mb libs 2.9Mb Flavors: r-release-macos-arm64, r-release-macos-x86_64, r-oldrel-macos-arm64