CRAN Package Check Results for Package cpss

Last updated on 2024-02-25 08:52:58 CET.

Flavor Version Tinstall Tcheck Ttotal Status Flags
r-devel-linux-x86_64-debian-clang 0.0.3 79.81 75.17 154.98 NOTE
r-devel-linux-x86_64-debian-gcc 0.0.3 66.11 56.39 122.50 NOTE
r-devel-linux-x86_64-fedora-clang 0.0.3 209.03 NOTE
r-devel-linux-x86_64-fedora-gcc 0.0.3 215.06 NOTE
r-devel-windows-x86_64 0.0.3 62.00 98.00 160.00 NOTE
r-patched-linux-x86_64 0.0.3 81.24 72.29 153.53 NOTE
r-release-linux-x86_64 0.0.3 66.61 71.19 137.80 NOTE
r-release-macos-arm64 0.0.3 57.00 NOTE
r-release-macos-x86_64 0.0.3 84.00 NOTE
r-release-windows-x86_64 0.0.3 79.00 116.00 195.00 NOTE
r-oldrel-macos-arm64 0.0.3 47.00 OK
r-oldrel-windows-x86_64 0.0.3 75.00 116.00 191.00 OK

Check Details

Version: 0.0.3
Check: C++ specification
Result: NOTE Specified C++11: please drop specification unless essential Flavors: r-devel-linux-x86_64-debian-clang, r-devel-linux-x86_64-debian-gcc, r-devel-linux-x86_64-fedora-clang, r-devel-linux-x86_64-fedora-gcc, r-devel-windows-x86_64, r-patched-linux-x86_64, r-release-linux-x86_64, r-release-macos-arm64, r-release-macos-x86_64, r-release-windows-x86_64