CRAN Package Check Results for Package cragg

Last updated on 2024-02-28 00:56:17 CET.

Flavor Version Tinstall Tcheck Ttotal Status Flags
r-devel-linux-x86_64-debian-clang 0.0.1 1.71 35.37 37.08 NOTE
r-devel-linux-x86_64-debian-gcc 0.0.1 1.67 26.74 28.41 NOTE
r-devel-linux-x86_64-fedora-clang 0.0.1 46.07 NOTE
r-devel-linux-x86_64-fedora-gcc 0.0.1 56.30 NOTE
r-devel-windows-x86_64 0.0.1 3.00 50.00 53.00 NOTE
r-patched-linux-x86_64 0.0.1 2.18 33.73 35.91 NOTE
r-release-linux-x86_64 0.0.1 1.98 34.02 36.00 NOTE
r-release-macos-arm64 0.0.1 27.00 NOTE
r-release-macos-x86_64 0.0.1 35.00 NOTE
r-release-windows-x86_64 0.0.1 4.00 50.00 54.00 NOTE
r-oldrel-macos-arm64 0.0.1 27.00 NOTE
r-oldrel-windows-x86_64 0.0.1 3.00 55.00 58.00 NOTE

Check Details

Version: 0.0.1
Check: LazyData
Result: NOTE 'LazyData' is specified without a 'data' directory Flavors: r-devel-linux-x86_64-debian-clang, r-devel-linux-x86_64-debian-gcc, r-devel-linux-x86_64-fedora-clang, r-devel-linux-x86_64-fedora-gcc, r-devel-windows-x86_64, r-patched-linux-x86_64, r-release-linux-x86_64, r-release-macos-arm64, r-release-macos-x86_64, r-release-windows-x86_64, r-oldrel-macos-arm64, r-oldrel-windows-x86_64