CRAN Package Check Results for Package creditmodel

Last updated on 2024-07-22 16:57:11 CEST.

Flavor Version Tinstall Tcheck Ttotal Status Flags
r-devel-linux-x86_64-debian-clang 1.3.1 27.69 440.26 467.95 NOTE
r-devel-linux-x86_64-debian-gcc 1.3.1 25.64 376.25 401.89 NOTE
r-devel-linux-x86_64-fedora-clang 1.3.1 701.97 NOTE
r-devel-linux-x86_64-fedora-gcc 1.3.1 594.72 NOTE
r-devel-windows-x86_64 1.3.1 31.00 371.00 402.00 NOTE
r-patched-linux-x86_64 1.3.1 34.43 469.93 504.36 NOTE
r-release-linux-x86_64 1.3.1 26.57 475.65 502.22 NOTE
r-release-macos-arm64 1.3.1 139.00 NOTE
r-release-macos-x86_64 1.3.1 246.00 NOTE
r-release-windows-x86_64 1.3.1 29.00 374.00 403.00 NOTE
r-oldrel-macos-arm64 1.3.1 179.00 NOTE
r-oldrel-macos-x86_64 1.3.1 319.00 NOTE
r-oldrel-windows-x86_64 1.3.1 39.00 452.00 491.00 NOTE

Check Details

Version: 1.3.1
Check: package subdirectories
Result: NOTE Problems with news in ‘NEWS.md’: No news entries found. Flavors: r-devel-linux-x86_64-debian-clang, r-devel-linux-x86_64-debian-gcc, r-devel-linux-x86_64-fedora-clang, r-devel-linux-x86_64-fedora-gcc, r-devel-windows-x86_64, r-patched-linux-x86_64, r-release-linux-x86_64, r-release-macos-arm64, r-release-macos-x86_64, r-release-windows-x86_64, r-oldrel-macos-arm64, r-oldrel-macos-x86_64, r-oldrel-windows-x86_64

Version: 1.3.1
Check: Rd files
Result: NOTE checkRd: (-1) ks_table.Rd:77: Lost braces 77 | \item{tb_pred}{A table generated by code{\link{ks_table}}} | ^ checkRd: (-1) plot_theme.Rd:22: Lost braces 22 | \item{legend.position}{see details at: code{legend.position}} | ^ checkRd: (-1) plot_theme.Rd:24: Lost braces 24 | \item{angle}{see details at: code{axis.text.x}} | ^ checkRd: (-1) plot_theme.Rd:26: Lost braces 26 | \item{legend_size}{see details at: code{legend.text}} | ^ checkRd: (-1) plot_theme.Rd:28: Lost braces 28 | \item{axis_size_y}{see details at: code{axis.text.y}} | ^ checkRd: (-1) plot_theme.Rd:30: Lost braces 30 | \item{axis_size_x}{see details at: code{axis.text.x}} | ^ checkRd: (-1) plot_theme.Rd:32: Lost braces 32 | \item{axis_title_size}{see details at: code{axis.title.x}} | ^ checkRd: (-1) plot_theme.Rd:34: Lost braces 34 | \item{title_size}{see details at: code{plot.title}} | ^ checkRd: (-1) plot_theme.Rd:36: Lost braces 36 | \item{title_vjust}{see details at: code{plot.title}} | ^ checkRd: (-1) plot_theme.Rd:38: Lost braces 38 | \item{title_hjust}{see details at: code{plot.title}} | ^ checkRd: (-1) plot_theme.Rd:40: Lost braces 40 | \item{linetype}{see details at: code{panel.grid.major}} | ^ checkRd: (-1) plot_theme.Rd:42: Lost braces 42 | \item{face}{see details at: code{axis.title.x}} | ^ checkRd: (-1) plot_theme.Rd:48: Lost braces 48 | see details at: code{theme} | ^ checkRd: (-1) process_nas.Rd:69: Lost braces 69 | \item{missing_type}{Type of missing, genereted by code{\link{analysis_nas}}} | ^ checkRd: (-1) split_bins_all.Rd:29: Lost braces 29 | \item{breaks_list}{A list contains breaks of variables. it is generated by code{\link{get_breaks_all}},code{\link{get_breaks}}} | ^ checkRd: (-1) split_bins_all.Rd:29: Lost braces 29 | \item{breaks_list}{A list contains breaks of variables. it is generated by code{\link{get_breaks_all}},code{\link{get_breaks}}} | ^ checkRd: (-1) woe_trans_all.Rd:40: Lost braces 40 | \item{bins_table}{A table contians woe of each bin of variables, it is generated by code{\link{get_bins_table_all}},code{\link{get_bins_table}}} | ^ checkRd: (-1) woe_trans_all.Rd:40: Lost braces 40 | \item{bins_table}{A table contians woe of each bin of variables, it is generated by code{\link{get_bins_table_all}},code{\link{get_bins_table}}} | ^ checkRd: (-1) woe_trans_all.Rd:44: Lost braces 44 | \item{breaks_list}{A list contains breaks of variables. it is generated by code{\link{get_breaks_all}},code{\link{get_breaks}}} | ^ checkRd: (-1) woe_trans_all.Rd:44: Lost braces 44 | \item{breaks_list}{A list contains breaks of variables. it is generated by code{\link{get_breaks_all}},code{\link{get_breaks}}} | ^ Flavors: r-devel-linux-x86_64-debian-clang, r-devel-linux-x86_64-debian-gcc, r-devel-linux-x86_64-fedora-clang, r-devel-linux-x86_64-fedora-gcc, r-devel-windows-x86_64, r-patched-linux-x86_64, r-release-linux-x86_64, r-release-macos-arm64, r-release-macos-x86_64, r-release-windows-x86_64

Version: 1.3.1
Check: installed package size
Result: NOTE installed size is 5.3Mb sub-directories of 1Mb or more: data 4.1Mb Flavors: r-release-macos-x86_64, r-oldrel-macos-x86_64