CRAN Package Check Results for Package cruts

Last updated on 2024-02-29 00:55:37 CET.

Flavor Version Tinstall Tcheck Ttotal Status Flags
r-devel-linux-x86_64-debian-clang 1.1 38.49 291.05 329.54 NOTE
r-devel-linux-x86_64-debian-gcc 1.1 26.38 213.06 239.44 NOTE
r-devel-linux-x86_64-fedora-clang 1.1 381.00 NOTE
r-devel-linux-x86_64-fedora-gcc 1.1 402.32 NOTE
r-devel-windows-x86_64 1.1 25.00 179.00 204.00 OK
r-patched-linux-x86_64 1.1 33.34 274.76 308.10 OK
r-release-linux-x86_64 1.1 30.46 275.81 306.27 OK
r-release-macos-arm64 1.1 89.00 OK
r-release-macos-x86_64 1.1 165.00 OK
r-release-windows-x86_64 1.1 33.00 224.00 257.00 OK
r-oldrel-macos-arm64 1.1 70.00 OK
r-oldrel-windows-x86_64 1.1 34.00 230.00 264.00 OK

Check Details

Version: 1.1
Check: Rd files
Result: NOTE checkRd: (-1) cruts-package.Rd:21: Lost braces 21 | section{Dependencies}{ | ^ checkRd: (-1) cruts-package.Rd:21-24: Lost braces 21 | section{Dependencies}{ | ^ checkRd: (-1) cruts-package.Rd:26: Lost braces 26 | section{Citation}{ | ^ checkRd: (-1) cruts-package.Rd:26-28: Lost braces 26 | section{Citation}{ | ^ checkRd: (-1) cruts-package.Rd:30-32: Lost braces 30 | references{ | ^ Flavors: r-devel-linux-x86_64-debian-clang, r-devel-linux-x86_64-debian-gcc, r-devel-linux-x86_64-fedora-clang, r-devel-linux-x86_64-fedora-gcc