CRAN Package Check Results for Package ctpm

Last updated on 2024-02-26 08:48:42 CET.

Flavor Version Tinstall Tcheck Ttotal Status Flags
r-devel-linux-x86_64-debian-clang 1.0.1 33.76 508.64 542.40 OK
r-devel-linux-x86_64-debian-gcc 1.0.1 26.78 391.55 418.33 OK
r-devel-linux-x86_64-fedora-clang 1.0.1 697.82 OK
r-devel-linux-x86_64-fedora-gcc 1.0.1 713.71 OK
r-devel-windows-x86_64 1.0.1 76.00 491.00 567.00 OK
r-patched-linux-x86_64 1.0.1 38.18 511.93 550.11 OK
r-release-linux-x86_64 1.0.1 30.90 505.68 536.58 OK
r-release-macos-arm64 1.0.1 209.00 OK
r-release-macos-x86_64 1.0.1 6.00 ERROR
r-release-windows-x86_64 1.0.1 116.00 626.00 742.00 OK
r-oldrel-macos-arm64 1.0.1 162.00 OK
r-oldrel-windows-x86_64 1.0.1 114.00 609.00 723.00 OK

Check Details

Version: 1.0.1
Check: package dependencies
Result: ERROR Package required but not available: ‘ctmm’ See section ‘The DESCRIPTION file’ in the ‘Writing R Extensions’ manual. Flavor: r-release-macos-x86_64