CRAN Package Check Results for Package ctsem

Last updated on 2024-02-27 08:55:13 CET.

Flavor Version Tinstall Tcheck Ttotal Status Flags
r-devel-linux-x86_64-debian-clang 3.9.1 1420.90 525.10 1946.00 OK
r-devel-linux-x86_64-debian-gcc 3.9.1 1007.55 401.45 1409.00 OK
r-devel-linux-x86_64-fedora-clang 3.9.1 1995.06 NOTE
r-devel-linux-x86_64-fedora-gcc 3.9.1 2598.14 NOTE
r-devel-windows-x86_64 3.9.1 751.00 397.00 1148.00 NOTE --no-vignettes
r-patched-linux-x86_64 3.9.1 0.02 2.88 2.90 ERROR
r-release-linux-x86_64 3.9.1 0.02 3.10 3.12 ERROR
r-release-macos-arm64 3.9.1 569.00 NOTE
r-release-macos-x86_64 3.9.0 1803.00 ERROR
r-release-windows-x86_64 3.9.1 988.00 437.00 1425.00 NOTE --no-vignettes
r-oldrel-macos-arm64 3.9.1 767.00 NOTE
r-oldrel-windows-x86_64 3.9.1 952.00 448.00 1400.00 NOTE --no-vignettes

Check Details

Version: 3.9.1
Check: installed package size
Result: NOTE installed size is 16.1Mb sub-directories of 1Mb or more: R 1.1Mb data 1.7Mb libs 12.0Mb Flavors: r-devel-linux-x86_64-fedora-clang, r-release-macos-arm64, r-oldrel-macos-arm64

Version: 3.9.1
Check: dependencies in R code
Result: NOTE Namespace in Imports field not imported from: ‘rstantools’ All declared Imports should be used. Flavors: r-devel-linux-x86_64-fedora-clang, r-devel-linux-x86_64-fedora-gcc

Version: 3.9.1
Check: for GNU extensions in Makefiles
Result: NOTE GNU make is a SystemRequirements. Flavors: r-devel-linux-x86_64-fedora-clang, r-devel-linux-x86_64-fedora-gcc, r-release-macos-arm64, r-oldrel-macos-arm64

Version: 3.9.1
Check: for detritus in the temp directory
Result: NOTE Found the following files/directories: ‘par-7269706c6579’ Flavors: r-devel-linux-x86_64-fedora-clang, r-devel-linux-x86_64-fedora-gcc

Version: 3.9.1
Flags: --no-vignettes
Check: installed package size
Result: NOTE installed size is 11.6Mb sub-directories of 1Mb or more: R 1.2Mb data 1.7Mb libs 7.5Mb Flavors: r-devel-windows-x86_64, r-release-windows-x86_64, r-oldrel-windows-x86_64

Version: 3.9.1
Check: whether package can be installed
Result: ERROR Installation failed. Flavors: r-patched-linux-x86_64, r-release-linux-x86_64

Version: 3.9.0
Check: installed package size
Result: NOTE installed size is 180.8Mb sub-directories of 1Mb or more: R 2.1Mb data 2.0Mb libs 175.5Mb Flavor: r-release-macos-x86_64

Version: 3.9.0
Check: for GNU extensions in Makefiles
Result: NOTE GNU make is a SystemRequirements. Flavor: r-release-macos-x86_64

Version: 3.9.0
Check: tests
Result: ERROR Running ‘testthat.R’ [73s/114s] Running the tests in ‘tests/testthat.R’ failed. Last 13 lines of output: Chain 1: Iteration: 290 / 300 [ 96%] (Sampling) Chain 2: Iteration: 190 / 300 [ 63%] (Sampling) Chain 1: Iteration: 300 / 300 [100%] (Sampling) Chain 1: Chain 1: Elapsed Time: 22.012 seconds (Warm-up) Chain 1: 17.161 seconds (Sampling) Chain 1: 39.173 seconds (Total) Chain 1: Chain 2: Iteration: 210 / 300 [ 70%] (Sampling) Chain 2: Iteration: 230 / 300 [ 76%] (Sampling) Chain 2: Iteration: 250 / 300 [ 83%] (Sampling) Chain 2: Iteration: 270 / 300 [ 90%] (Sampling) Chain 2: Iteration: 290 / 300 [ 96%] (Sampling) Execution halted Flavor: r-release-macos-x86_64