Last updated on 2024-05-02 16:48:13 CEST.
Flavor | Version | Tinstall | Tcheck | Ttotal | Status | Flags |
---|---|---|---|---|---|---|
r-devel-linux-x86_64-debian-clang | 1.0.6 | 47.97 | 739.70 | 787.67 | OK | |
r-devel-linux-x86_64-debian-gcc | 1.0.6 | 35.85 | 529.64 | 565.49 | OK | |
r-devel-linux-x86_64-fedora-clang | 1.0.6 | 935.63 | OK | |||
r-devel-linux-x86_64-fedora-gcc | 1.0.6 | 892.83 | OK | |||
r-devel-windows-x86_64 | 1.0.6 | 28.00 | 209.00 | 237.00 | OK | --no-vignettes |
r-patched-linux-x86_64 | 1.0.6 | 0.37 | 2.32 | 2.69 | ERROR | |
r-release-linux-x86_64 | 1.0.6 | 0.41 | 2.27 | 2.68 | ERROR | |
r-release-macos-arm64 | 1.0.6 | 198.00 | OK | |||
r-release-macos-x86_64 | 1.0.6 | 11.00 | ERROR | |||
r-release-windows-x86_64 | 1.0.6 | 29.00 | 194.00 | 223.00 | OK | --no-vignettes |
r-oldrel-macos-arm64 | 1.0.6 | 10.00 | ERROR | |||
r-oldrel-macos-x86_64 | 1.0.6 | 494.00 | OK | |||
r-oldrel-windows-x86_64 | 1.0.6 | 37.00 | 217.00 | 254.00 | OK | --no-vignettes |
Version: 1.0.6
Check: package dependencies
Result: ERROR
Package required but not available: ‘ctsem’
See section ‘The DESCRIPTION file’ in the ‘Writing R Extensions’
manual.
Flavors: r-patched-linux-x86_64, r-release-linux-x86_64, r-release-macos-x86_64, r-oldrel-macos-arm64