Last updated on 2023-12-02 00:51:53 CET.
Flavor | Version | Tinstall | Tcheck | Ttotal | Status | Flags |
---|---|---|---|---|---|---|
r-devel-linux-x86_64-debian-clang | 2.1.0 | 50.81 | 234.76 | 285.57 | NOTE | |
r-devel-linux-x86_64-debian-gcc | 2.1.0 | 33.61 | 157.49 | 191.10 | NOTE | |
r-devel-linux-x86_64-fedora-clang | 2.1.0 | 372.33 | OK | |||
r-devel-linux-x86_64-fedora-gcc | 2.1.0 | 359.81 | OK | |||
r-devel-windows-x86_64 | 2.1.0 | 32.00 | 169.00 | 201.00 | OK | |
r-patched-linux-x86_64 | 2.1.0 | 44.80 | 223.27 | 268.07 | OK | |
r-release-linux-x86_64 | 2.1.0 | 40.64 | 220.22 | 260.86 | OK | |
r-release-macos-arm64 | 2.1.0 | 123.00 | OK | |||
r-release-macos-x86_64 | 2.1.0 | 359.00 | OK | |||
r-release-windows-x86_64 | 2.1.0 | 47.00 | 226.00 | 273.00 | OK | |
r-oldrel-macos-arm64 | 2.1.0 | 118.00 | OK | |||
r-oldrel-macos-x86_64 | 2.1.0 | 207.00 | OK | |||
r-oldrel-windows-x86_64 | 2.1.0 | 43.00 | 216.00 | 259.00 | WARN |
Version: 2.1.0
Check: Rd files
Result: NOTE
checkRd: (-1) cubintegrate.Rd:67: Lost braces; missing escapes or markup?
67 | evaluated} - {returnCode}{the actual integer return code
| ^
checkRd: (-1) cubintegrate.Rd:67-69: Lost braces
67 | evaluated} - {returnCode}{the actual integer return code
| ^
Flavors: r-devel-linux-x86_64-debian-clang, r-devel-linux-x86_64-debian-gcc
Version: 2.1.0
Check: whether package can be installed
Result: WARN
Found the following significant warnings:
./src/common/stddecl.h:481:4: warning: ISO C99 doesn't support unnamed structs/unions [-Wpedantic]
Flavor: r-oldrel-windows-x86_64