CRAN Package Check Results for Package cultevo

Last updated on 2024-03-02 00:53:22 CET.

Flavor Version Tinstall Tcheck Ttotal Status Flags
r-devel-linux-x86_64-debian-clang 1.0.2 5.07 53.01 58.08 OK
r-devel-linux-x86_64-debian-gcc 1.0.2 3.84 39.10 42.94 OK
r-devel-linux-x86_64-fedora-clang 1.0.2 68.66 NOTE
r-devel-linux-x86_64-fedora-gcc 1.0.2 78.35 NOTE
r-devel-windows-x86_64 1.0.2 6.00 59.00 65.00 OK
r-patched-linux-x86_64 1.0.2 3.17 51.32 54.49 OK
r-release-linux-x86_64 1.0.2 3.26 51.47 54.73 OK
r-release-macos-arm64 1.0.2 35.00 OK
r-release-macos-x86_64 1.0.2 47.00 OK
r-release-windows-x86_64 1.0.2 7.00 68.00 75.00 OK
r-oldrel-macos-arm64 1.0.2 26.00 NOTE
r-oldrel-windows-x86_64 1.0.2 7.00 67.00 74.00 OK

Check Details

Version: 1.0.2
Check: dependencies in R code
Result: NOTE Namespace in Imports field not imported from: ‘pspearman’ All declared Imports should be used. Flavors: r-devel-linux-x86_64-fedora-clang, r-devel-linux-x86_64-fedora-gcc, r-oldrel-macos-arm64