CRAN Package Check Results for Package curveDepth

Last updated on 2024-02-25 01:01:01 CET.

Flavor Version Tinstall Tcheck Ttotal Status Flags
r-devel-linux-x86_64-debian-clang 0.1.0.9 59.24 34.67 93.91 NOTE
r-devel-linux-x86_64-debian-gcc 0.1.0.9 50.16 26.82 76.98 NOTE
r-devel-linux-x86_64-fedora-clang 0.1.0.9 139.76 NOTE
r-devel-linux-x86_64-fedora-gcc 0.1.0.9 141.33 NOTE
r-devel-windows-x86_64 0.1.0.9 49.00 65.00 114.00 NOTE
r-patched-linux-x86_64 0.1.0.9 59.87 34.47 94.34 NOTE
r-release-linux-x86_64 0.1.0.9 60.10 34.05 94.15 NOTE
r-release-macos-arm64 0.1.0.9 37.00 NOTE
r-release-macos-x86_64 0.1.0.9 59.00 NOTE
r-release-windows-x86_64 0.1.0.9 62.00 76.00 138.00 NOTE
r-oldrel-macos-arm64 0.1.0.9 37.00 OK
r-oldrel-windows-x86_64 0.1.0.9 63.00 75.00 138.00 OK

Check Details

Version: 0.1.0.9
Check: C++ specification
Result: NOTE Specified C++11: please drop specification unless essential Flavors: r-devel-linux-x86_64-debian-clang, r-devel-linux-x86_64-debian-gcc, r-devel-linux-x86_64-fedora-clang, r-devel-linux-x86_64-fedora-gcc, r-devel-windows-x86_64, r-patched-linux-x86_64, r-release-linux-x86_64, r-release-macos-arm64, r-release-macos-x86_64, r-release-windows-x86_64