CRAN Package Check Results for Package cwbtools

Last updated on 2024-06-23 08:51:06 CEST.

Flavor Version Tinstall Tcheck Ttotal Status Flags
r-devel-linux-x86_64-debian-clang 0.4.2 17.23 157.30 174.53 OK
r-devel-linux-x86_64-debian-gcc 0.4.2 11.77 119.79 131.56 OK
r-devel-linux-x86_64-fedora-clang 0.4.2 228.99 ERROR
r-devel-linux-x86_64-fedora-gcc 0.4.2 218.83 OK
r-devel-windows-x86_64 0.4.2 14.00 139.00 153.00 OK
r-patched-linux-x86_64 0.4.2 15.60 152.01 167.61 OK
r-release-linux-x86_64 0.4.2 9.60 152.85 162.45 OK
r-release-macos-arm64 0.4.2 79.00 OK
r-release-macos-x86_64 0.4.2 115.00 OK
r-release-windows-x86_64 0.4.2 15.00 139.00 154.00 OK
r-oldrel-macos-arm64 0.4.2 85.00 OK
r-oldrel-macos-x86_64 0.4.2 146.00 OK
r-oldrel-windows-x86_64 0.4.2 17.00 161.00 178.00 OK

Check Details

Version: 0.4.2
Check: tests
Result: ERROR Running ‘testthat.R’ [24s/85s] Running the tests in ‘tests/testthat.R’ failed. Complete output: > library(testthat) > library(cwbtools) > > test_check("cwbtools") === Makeall: processing corpus AUSTEN1A === Registry directory: /tmp/RtmpKXfrYp/working_dir/Rtmp8gVi4H/registry ATTRIBUTE word + creating LEXSRT ... OK - lexicon OK + creating FREQS ... OK - frequencies OK - token stream OK + creating REVCIDX ... OK + creating REVCORP ... OK ? validating REVCORP ... OK - index OK ======================================== === Makeall: processing corpus AUSTEN1B === Registry directory: /tmp/RtmpKXfrYp/working_dir/Rtmp8gVi4H/registry ATTRIBUTE word + creating LEXSRT ... OK - lexicon OK + creating FREQS ... OK - frequencies OK - token stream OK + creating REVCIDX ... OK + creating REVCORP ... OK ? validating REVCORP ... OK - index OK ======================================== COMPRESSING TOKEN STREAM of (null).word - writing code descriptor block to /tmp/RtmpKXfrYp/working_dir/Rtmp8gVi4H/data_dir/austen1b/word.hcd - writing compressed item sequence to /tmp/RtmpKXfrYp/working_dir/Rtmp8gVi4H/data_dir/austen1b/word.huf - writing sync (every 128 tokens) to /tmp/RtmpKXfrYp/working_dir/Rtmp8gVi4H/data_dir/austen1b/word.huf.syn VALIDATING AUSTEN1B.word - reading code descriptor block from /tmp/RtmpKXfrYp/working_dir/Rtmp8gVi4H/data_dir/austen1b/word.hcd - reading compressed item sequence from /tmp/RtmpKXfrYp/working_dir/Rtmp8gVi4H/data_dir/austen1b/word.huf - reading sync (mod 128) from /tmp/RtmpKXfrYp/working_dir/Rtmp8gVi4H/data_dir/austen1b/word.huf.syn !! You can delete the file </tmp/RtmpKXfrYp/working_dir/Rtmp8gVi4H/data_dir/austen1b/word.corpus> now. COMPRESSING INDEX of AUSTEN1B.word - writing compressed index to /tmp/RtmpKXfrYp/working_dir/Rtmp8gVi4H/data_dir/austen1b/word.crc - writing compressed index offsets to /tmp/RtmpKXfrYp/working_dir/Rtmp8gVi4H/data_dir/austen1b/word.crx VALIDATING AUSTEN1B.word - reading compressed index from /tmp/RtmpKXfrYp/working_dir/Rtmp8gVi4H/data_dir/austen1b/word.crc - reading compressed index offsets from /tmp/RtmpKXfrYp/working_dir/Rtmp8gVi4H/data_dir/austen1b/word.crx !! You can delete the file </tmp/RtmpKXfrYp/working_dir/Rtmp8gVi4H/data_dir/austen1b/word.corpus.rev> now. !! You can delete the file </tmp/RtmpKXfrYp/working_dir/Rtmp8gVi4H/data_dir/austen1b/word.corpus.rdx> now. ── Install corpus ────────────────────────────────────────────────────────────── . ── Download resource from Zenodo ─────────────────────────────────────────────── . [ FAIL 1 | WARN 1 | SKIP 7 | PASS 8 ] ══ Skipped tests (7) ═══════════════════════════════════════════════════════════ • On CRAN (6): 'test_encode.R:73:5', 'test_encode.R:186:5', 'test_install.R:76:5', 'test_install.R:87:5', 'test_install.R:123:5', 'test_install.R:158:5' • empty test (1): 'test_directories.R:25:1' ══ Failed tests ════════════════════════════════════════════════════════════════ ── Error ('test_install.R:144:5'): zenodo_get_tarball() - public resource ────── Error in `zenodo_get_tarball(url = gparl_url_pub)`: object 'zenodo_record' not found Backtrace: ▆ 1. └─cwbtools::zenodo_get_tarball(url = gparl_url_pub) at test_install.R:144:5 2. └─base::sapply(zenodo_record[["files"]], `[[`, "download") 3. └─base::lapply(X = X, FUN = FUN, ...) [ FAIL 1 | WARN 1 | SKIP 7 | PASS 8 ] Error: Test failures Execution halted Flavor: r-devel-linux-x86_64-fedora-clang