CRAN Package Check Results for Package czso

Last updated on 2024-03-01 16:49:17 CET.

Flavor Version Tinstall Tcheck Ttotal Status Flags
r-devel-linux-x86_64-debian-clang 0.3.10 4.87 41.78 46.65 NOTE
r-devel-linux-x86_64-debian-gcc 0.3.10 3.54 32.48 36.02 NOTE
r-devel-linux-x86_64-fedora-clang 0.3.10 57.23 NOTE
r-devel-linux-x86_64-fedora-gcc 0.3.10 58.44 NOTE
r-devel-windows-x86_64 0.3.10 5.00 53.00 58.00 OK
r-patched-linux-x86_64 0.3.10 4.49 41.28 45.77 OK
r-release-linux-x86_64 0.3.10 3.44 41.13 44.57 OK
r-release-macos-arm64 0.3.10 21.00 OK
r-release-macos-x86_64 0.3.10 30.00 OK
r-release-windows-x86_64 0.3.10 7.00 60.00 67.00 OK
r-oldrel-macos-arm64 0.3.10 23.00 NOTE
r-oldrel-windows-x86_64 0.3.10 7.00 65.00 72.00 OK

Check Details

Version: 0.3.10
Check: Rd files
Result: NOTE checkRd: (-1) czso_get_catalogue.Rd:14: Lost braces; missing escapes or markup? 14 | \item the \code{spatial} columns contains an IRI ending in the pattern {unit_type}/{unit_code}. | ^ checkRd: (-1) czso_get_catalogue.Rd:14: Lost braces; missing escapes or markup? 14 | \item the \code{spatial} columns contains an IRI ending in the pattern {unit_type}/{unit_code}. | ^ Flavors: r-devel-linux-x86_64-debian-clang, r-devel-linux-x86_64-debian-gcc, r-devel-linux-x86_64-fedora-clang, r-devel-linux-x86_64-fedora-gcc

Version: 0.3.10
Check: dependencies in R code
Result: NOTE Namespace in Imports field not imported from: ‘stringi’ All declared Imports should be used. Flavors: r-devel-linux-x86_64-fedora-clang, r-devel-linux-x86_64-fedora-gcc, r-oldrel-macos-arm64