CRAN Package Check Results for Package d3po

Last updated on 2024-02-23 16:53:15 CET.

Flavor Version Tinstall Tcheck Ttotal Status Flags
r-devel-linux-x86_64-debian-clang 0.5.5 OK
r-devel-linux-x86_64-debian-gcc 0.5.5 5.94 39.73 45.67 OK
r-devel-linux-x86_64-fedora-clang 0.5.5 71.74 NOTE
r-devel-linux-x86_64-fedora-gcc 0.5.5 82.62 NOTE
r-devel-windows-x86_64 0.5.5 7.00 63.00 70.00 OK
r-patched-linux-x86_64 0.5.5 7.17 50.93 58.10 OK
r-release-linux-x86_64 0.5.5 5.09 49.93 55.02 OK
r-release-macos-arm64 0.5.5 31.00 OK
r-release-macos-x86_64 0.5.5 60.00 OK
r-release-windows-x86_64 0.5.5 9.00 67.00 76.00 OK
r-oldrel-macos-arm64 0.5.5 28.00 OK
r-oldrel-windows-x86_64 0.5.5 9.00 69.00 78.00 OK

Check Details

Version: 0.5.5
Check: data for non-ASCII characters
Result: NOTE Note: found 469 marked UTF-8 strings Flavors: r-devel-linux-x86_64-fedora-clang, r-devel-linux-x86_64-fedora-gcc