CRAN Package Check Results for Package dafishr

Last updated on 2024-03-01 08:52:55 CET.

Flavor Version Tinstall Tcheck Ttotal Status Flags
r-devel-linux-x86_64-debian-clang 1.0.0 6.43 72.75 79.18 OK
r-devel-linux-x86_64-debian-gcc 1.0.0 6.31 55.83 62.14 OK
r-devel-linux-x86_64-fedora-clang 1.0.0 99.09 NOTE
r-devel-linux-x86_64-fedora-gcc 1.0.0 106.21 NOTE
r-devel-windows-x86_64 1.0.0 9.00 77.00 86.00 OK
r-patched-linux-x86_64 1.0.0 8.92 69.90 78.82 OK
r-release-linux-x86_64 1.0.0 7.26 70.48 77.74 OK
r-release-macos-arm64 1.0.0 42.00 OK
r-release-macos-x86_64 1.0.0 63.00 OK
r-release-windows-x86_64 1.0.0 12.00 89.00 101.00 OK
r-oldrel-macos-arm64 1.0.0 42.00 NOTE
r-oldrel-windows-x86_64 1.0.0 11.00 89.00 100.00 OK

Check Details

Version: 1.0.0
Check: data for non-ASCII characters
Result: NOTE Note: found 2020 marked UTF-8 strings Flavors: r-devel-linux-x86_64-fedora-clang, r-devel-linux-x86_64-fedora-gcc, r-oldrel-macos-arm64