CRAN Package Check Results for Package dataPreparation

Last updated on 2024-02-28 00:56:17 CET.

Flavor Version Tinstall Tcheck Ttotal Status Flags
r-devel-linux-x86_64-debian-clang 1.1.1 14.39 128.88 143.27 NOTE
r-devel-linux-x86_64-debian-gcc 1.1.1 10.98 103.02 114.00 NOTE
r-devel-linux-x86_64-fedora-clang 1.1.1 175.95 NOTE
r-devel-linux-x86_64-fedora-gcc 1.1.1 180.26 NOTE
r-devel-windows-x86_64 1.1.1 14.00 134.00 148.00 OK
r-patched-linux-x86_64 1.1.1 19.46 130.15 149.61 OK
r-release-linux-x86_64 1.1.1 14.39 128.39 142.78 OK
r-release-macos-arm64 1.1.1 50.00 OK
r-release-macos-x86_64 1.1.1 134.00 OK
r-release-windows-x86_64 1.1.1 16.00 142.00 158.00 OK
r-oldrel-macos-arm64 1.1.1 49.00 OK
r-oldrel-windows-x86_64 1.1.1 17.00 142.00 159.00 OK

Check Details

Version: 1.1.1
Check: Rd files
Result: NOTE checkRd: (-1) build_date_factor.Rd:15: Lost braces; missing escapes or markup? 15 | Map a vector of dates to a factor at one of these levels {"yearmonth", "yearquarter", "quarter", "month"} | ^ checkRd: (-1) build_date_factor.Rd:12: Lost braces; missing escapes or markup? 12 | \item{type}{One of {"year", "yearquarter", "yearmonth", "quarter", "month"}} | ^ Flavors: r-devel-linux-x86_64-debian-clang, r-devel-linux-x86_64-debian-gcc, r-devel-linux-x86_64-fedora-clang, r-devel-linux-x86_64-fedora-gcc