CRAN Package Check Results for Package datadogr

Last updated on 2024-02-29 15:53:42 CET.

Flavor Version Tinstall Tcheck Ttotal Status Flags
r-devel-linux-x86_64-debian-clang 0.1.2 3.70 36.09 39.79 NOTE
r-devel-linux-x86_64-debian-gcc 0.1.2 2.63 27.82 30.45 NOTE
r-devel-linux-x86_64-fedora-clang 0.1.2 47.80 NOTE
r-devel-linux-x86_64-fedora-gcc 0.1.2 46.53 NOTE
r-devel-windows-x86_64 0.1.2 4.00 54.00 58.00 NOTE
r-patched-linux-x86_64 0.1.2 3.19 35.20 38.39 NOTE
r-release-linux-x86_64 0.1.2 3.19 35.49 38.68 NOTE
r-release-macos-arm64 0.1.2 21.00 NOTE
r-release-macos-x86_64 0.1.2 30.00 NOTE
r-release-windows-x86_64 0.1.2 6.00 55.00 61.00 NOTE
r-oldrel-macos-arm64 0.1.2 18.00 NOTE
r-oldrel-windows-x86_64 0.1.2 5.00 59.00 64.00 NOTE

Check Details

Version: 0.1.2
Check: LazyData
Result: NOTE 'LazyData' is specified without a 'data' directory Flavors: r-devel-linux-x86_64-debian-clang, r-devel-linux-x86_64-debian-gcc, r-devel-linux-x86_64-fedora-clang, r-devel-linux-x86_64-fedora-gcc, r-devel-windows-x86_64, r-patched-linux-x86_64, r-release-linux-x86_64, r-release-macos-arm64, r-release-macos-x86_64, r-release-windows-x86_64, r-oldrel-macos-arm64, r-oldrel-windows-x86_64