CRAN Package Check Results for Package datagovsgR

Last updated on 2024-03-03 01:00:41 CET.

Flavor Version Tinstall Tcheck Ttotal Status Flags
r-devel-linux-x86_64-debian-clang 1.0.0 4.67 47.97 52.64 OK
r-devel-linux-x86_64-debian-gcc 1.0.0 3.53 37.25 40.78 OK
r-devel-linux-x86_64-fedora-clang 1.0.0 66.19 NOTE
r-devel-linux-x86_64-fedora-gcc 1.0.0 74.47 NOTE
r-devel-windows-x86_64 1.0.0 5.00 74.00 79.00 OK
r-patched-linux-x86_64 1.0.0 4.08 47.34 51.42 OK
r-release-linux-x86_64 1.0.0 4.46 47.44 51.90 OK
r-release-macos-arm64 1.0.0 42.00 OK
r-release-macos-x86_64 1.0.0 56.00 OK
r-release-windows-x86_64 1.0.0 7.00 84.00 91.00 OK
r-oldrel-macos-arm64 1.0.0 39.00 OK
r-oldrel-windows-x86_64 1.0.0 7.00 86.00 93.00 OK

Check Details

Version: 1.0.0
Check: dependencies in R code
Result: NOTE Namespace in Imports field not imported from: ‘purrr’ All declared Imports should be used. Flavors: r-devel-linux-x86_64-fedora-clang, r-devel-linux-x86_64-fedora-gcc