CRAN Package Check Results for Package datana

Last updated on 2024-02-23 16:53:15 CET.

Flavor Version Tinstall Tcheck Ttotal Status Flags
r-devel-linux-x86_64-debian-clang 1.0.3 OK
r-devel-linux-x86_64-debian-gcc 1.0.3 9.94 50.31 60.25 OK
r-devel-linux-x86_64-fedora-clang 1.0.3 94.55 NOTE
r-devel-linux-x86_64-fedora-gcc 1.0.3 92.98 NOTE
r-devel-windows-x86_64 1.0.3 14.00 100.00 114.00 OK
r-patched-linux-x86_64 1.0.3 16.09 64.62 80.71 OK
r-release-linux-x86_64 1.0.3 12.21 64.74 76.95 OK
r-release-macos-arm64 1.0.3 32.00 NOTE
r-release-macos-x86_64 1.0.3 66.00 NOTE
r-release-windows-x86_64 1.0.3 17.00 117.00 134.00 OK
r-oldrel-macos-arm64 1.0.3 35.00 NOTE
r-oldrel-windows-x86_64 1.0.3 18.00 95.00 113.00 OK

Check Details

Version: 1.0.3
Check: dependencies in R code
Result: NOTE Namespace in Imports field not imported from: ‘lattice’ All declared Imports should be used. Flavors: r-devel-linux-x86_64-fedora-clang, r-devel-linux-x86_64-fedora-gcc

Version: 1.0.3
Check: data for non-ASCII characters
Result: NOTE Note: found 72720 marked Latin-1 strings Flavors: r-devel-linux-x86_64-fedora-clang, r-devel-linux-x86_64-fedora-gcc

Version: 1.0.3
Check: installed package size
Result: NOTE installed size is 5.1Mb sub-directories of 1Mb or more: data 4.7Mb Flavors: r-release-macos-arm64, r-release-macos-x86_64, r-oldrel-macos-arm64