CRAN Package Check Results for Package datasailr

Last updated on 2024-02-29 08:48:50 CET.

Flavor Version Tinstall Tcheck Ttotal Status Flags
r-devel-linux-x86_64-debian-clang 0.8.11 93.29 37.37 130.66 NOTE
r-devel-linux-x86_64-debian-gcc 0.8.11 76.98 28.70 105.68 NOTE
r-devel-linux-x86_64-fedora-clang 0.8.11 181.00 NOTE
r-devel-linux-x86_64-fedora-gcc 0.8.11 204.47 NOTE
r-devel-windows-x86_64 0.8.11 69.00 79.00 148.00 NOTE
r-patched-linux-x86_64 0.8.11 90.83 36.50 127.33 NOTE
r-release-linux-x86_64 0.8.11 88.49 36.43 124.92 NOTE
r-release-macos-arm64 0.8.11 78.00 NOTE
r-release-macos-x86_64 0.8.11 130.00 NOTE
r-release-windows-x86_64 0.8.11 83.00 87.00 170.00 NOTE
r-oldrel-macos-arm64 0.8.11 76.00 NOTE
r-oldrel-windows-x86_64 0.8.11 76.00 81.00 157.00 NOTE

Check Details

Version: 0.8.11
Check: C++ specification
Result: NOTE Specified C++11: please drop specification unless essential Flavors: r-devel-linux-x86_64-debian-clang, r-devel-linux-x86_64-debian-gcc, r-devel-linux-x86_64-fedora-clang, r-devel-linux-x86_64-fedora-gcc, r-devel-windows-x86_64, r-patched-linux-x86_64, r-release-linux-x86_64, r-release-macos-arm64, r-release-macos-x86_64, r-release-windows-x86_64

Version: 0.8.11
Check: for GNU extensions in Makefiles
Result: NOTE GNU make is a SystemRequirements. Flavors: r-devel-linux-x86_64-debian-clang, r-devel-linux-x86_64-debian-gcc, r-devel-linux-x86_64-fedora-clang, r-devel-linux-x86_64-fedora-gcc, r-devel-windows-x86_64, r-patched-linux-x86_64, r-release-linux-x86_64, r-release-macos-arm64, r-release-macos-x86_64, r-release-windows-x86_64, r-oldrel-macos-arm64, r-oldrel-windows-x86_64

Version: 0.8.11
Check: installed package size
Result: NOTE installed size is 5.1Mb sub-directories of 1Mb or more: libs 4.6Mb Flavors: r-release-macos-arm64, r-release-macos-x86_64, r-oldrel-macos-arm64