CRAN Package Check Results for Package dbacf

Last updated on 2024-02-21 00:54:25 CET.

Flavor Version Tinstall Tcheck Ttotal Status Flags
r-devel-linux-x86_64-debian-clang 0.2.8 OK
r-devel-linux-x86_64-debian-gcc 0.2.8 1.94 23.86 25.80 OK
r-devel-linux-x86_64-fedora-clang 0.2.8 41.63 NOTE
r-devel-linux-x86_64-fedora-gcc 0.2.8 39.11 OK
r-devel-windows-x86_64 0.2.8 3.00 46.00 49.00 OK
r-patched-linux-x86_64 0.2.8 2.74 30.84 33.58 OK
r-release-linux-x86_64 0.2.8 2.12 30.73 32.85 OK
r-release-macos-arm64 0.2.8 21.00 OK
r-release-macos-x86_64 0.2.8 34.00 OK
r-release-windows-x86_64 0.2.8 3.00 50.00 53.00 OK
r-oldrel-macos-arm64 0.2.8 22.00 OK
r-oldrel-windows-x86_64 0.2.8 4.00 50.00 54.00 OK

Check Details

Version: 0.2.8
Check: Rd cross-references
Result: NOTE Undeclared package ‘sfsmisc’ in Rd xrefs Flavor: r-devel-linux-x86_64-fedora-clang