CRAN Package Check Results for Package deepMOU

Last updated on 2024-02-27 08:55:14 CET.

Flavor Version Tinstall Tcheck Ttotal Status Flags
r-devel-linux-x86_64-debian-clang 0.1.1 8.00 65.99 73.99 OK
r-devel-linux-x86_64-debian-gcc 0.1.1 6.49 48.67 55.16 OK
r-devel-linux-x86_64-fedora-clang 0.1.1 89.34 NOTE
r-devel-linux-x86_64-fedora-gcc 0.1.1 85.44 NOTE
r-devel-windows-x86_64 0.1.1 7.00 71.00 78.00 OK
r-patched-linux-x86_64 0.1.1 6.38 63.05 69.43 OK
r-release-linux-x86_64 0.1.1 7.81 62.80 70.61 OK
r-release-macos-arm64 0.1.1 32.00 OK
r-release-macos-x86_64 0.1.1 47.00 OK
r-release-windows-x86_64 0.1.1 9.00 79.00 88.00 OK
r-oldrel-macos-arm64 0.1.1 31.00 NOTE
r-oldrel-windows-x86_64 0.1.1 10.00 83.00 93.00 OK

Check Details

Version: 0.1.1
Check: dependencies in R code
Result: NOTE Namespace in Imports field not imported from: ‘dplyr’ All declared Imports should be used. Flavors: r-devel-linux-x86_64-fedora-clang, r-devel-linux-x86_64-fedora-gcc, r-oldrel-macos-arm64