CRAN Package Check Results for Package deeptime

Last updated on 2024-02-29 15:53:42 CET.

Flavor Version Tinstall Tcheck Ttotal Status Flags
r-devel-linux-x86_64-debian-clang 1.0.1 14.73 221.65 236.38 ERROR
r-devel-linux-x86_64-debian-gcc 1.0.1 13.13 187.97 201.10 OK
r-devel-linux-x86_64-fedora-clang 1.0.1 348.63 OK
r-devel-linux-x86_64-fedora-gcc 1.0.1 276.96 OK
r-devel-windows-x86_64 1.0.1 15.00 198.00 213.00 OK
r-patched-linux-x86_64 1.0.1 16.63 243.42 260.05 OK
r-release-linux-x86_64 1.0.1 13.93 215.80 229.73 ERROR
r-release-macos-arm64 1.0.1 115.00 OK
r-release-macos-x86_64 1.0.1 203.00 OK
r-release-windows-x86_64 1.0.1 20.00 240.00 260.00 OK
r-oldrel-macos-arm64 1.0.1 93.00 OK
r-oldrel-windows-x86_64 1.0.1 21.00 260.00 281.00 OK

Check Details

Version: 1.0.1
Check: package dependencies
Result: NOTE Package suggested but not available for checking: ‘ggtree’ Flavors: r-devel-linux-x86_64-debian-clang, r-release-linux-x86_64

Version: 1.0.1
Check: re-building of vignette outputs
Result: ERROR Error(s) in re-building vignettes: ... --- re-building ‘coord.Rmd’ using rmarkdown --- finished re-building ‘coord.Rmd’ --- re-building ‘coord_geo.Rmd’ using rmarkdown --- finished re-building ‘coord_geo.Rmd’ --- re-building ‘ggarrange2.Rmd’ using rmarkdown Quitting from lines 15-23 [setup] (ggarrange2.Rmd) Error: processing vignette 'ggarrange2.Rmd' failed with diagnostics: there is no package called 'ggtree' --- failed re-building ‘ggarrange2.Rmd’ --- re-building ‘phylogenies.Rmd’ using rmarkdown Quitting from lines 18-32 [unnamed-chunk-2] (phylogenies.Rmd) Error: processing vignette 'phylogenies.Rmd' failed with diagnostics: there is no package called 'ggtree' --- failed re-building ‘phylogenies.Rmd’ --- re-building ‘traits.Rmd’ using rmarkdown --- finished re-building ‘traits.Rmd’ SUMMARY: processing the following files failed: ‘ggarrange2.Rmd’ ‘phylogenies.Rmd’ Error: Vignette re-building failed. Execution halted Flavors: r-devel-linux-x86_64-debian-clang, r-release-linux-x86_64