CRAN Package Check Results for Package deeptrafo

Last updated on 2024-02-23 00:59:26 CET.

Flavor Version Tinstall Tcheck Ttotal Status Flags
r-devel-linux-x86_64-debian-clang 0.1-1 OK
r-devel-linux-x86_64-debian-gcc 0.1-1 12.99 81.94 94.93 OK
r-devel-linux-x86_64-fedora-clang 0.1-1 154.42 OK
r-devel-linux-x86_64-fedora-gcc 0.1-1 149.26 OK
r-devel-windows-x86_64 0.1-1 69.00 214.00 283.00 OK
r-patched-linux-x86_64 0.1-1 11.50 107.86 119.36 OK
r-release-linux-x86_64 0.1-1 9.96 107.06 117.02 OK
r-release-macos-arm64 0.1-1 47.00 OK
r-release-macos-x86_64 0.1-1 71.00 NOTE
r-release-windows-x86_64 0.1-1 44.00 170.00 214.00 OK
r-oldrel-macos-arm64 0.1-1 45.00 OK
r-oldrel-windows-x86_64 0.1-1 43.00 170.00 213.00 OK

Check Details

Version: 0.1-1
Check: package dependencies
Result: NOTE Packages suggested but not available for checking: 'tram', 'cotram' Flavor: r-release-macos-x86_64

Version: 0.1-1
Check: Rd cross-references
Result: NOTE Package unavailable to check Rd xrefs: ‘tram’ Flavor: r-release-macos-x86_64