CRAN Package Check Results for Package degross

Last updated on 2024-05-30 16:48:03 CEST.

Flavor Version Tinstall Tcheck Ttotal Status Flags
r-devel-linux-x86_64-debian-clang 0.9.0 3.41 35.89 39.30 NOTE
r-devel-linux-x86_64-debian-gcc 0.9.0 2.85 26.35 29.20 NOTE
r-devel-linux-x86_64-fedora-clang 0.9.0 48.76 NOTE
r-devel-linux-x86_64-fedora-gcc 0.9.0 46.23 NOTE
r-devel-windows-x86_64 0.9.0 4.00 51.00 55.00 NOTE
r-patched-linux-x86_64 0.9.0 3.00 35.45 38.45 NOTE
r-release-linux-x86_64 0.9.0 2.65 34.24 36.89 NOTE
r-release-macos-arm64 0.9.0 18.00 NOTE
r-release-windows-x86_64 0.9.0 4.00 50.00 54.00 NOTE
r-oldrel-macos-arm64 0.9.0 19.00 OK
r-oldrel-macos-x86_64 0.9.0 28.00 OK
r-oldrel-windows-x86_64 0.9.0 4.00 52.00 56.00 OK

Check Details

Version: 0.9.0
Check: Rd files
Result: NOTE checkRd: (-1) degross.object.Rd:9: Lost braces in \itemize; \value handles \item{}{} directly checkRd: (-1) degross.object.Rd:10: Lost braces in \itemize; \value handles \item{}{} directly checkRd: (-1) degross.object.Rd:11: Lost braces in \itemize; \value handles \item{}{} directly checkRd: (-1) degross.object.Rd:12: Lost braces in \itemize; \value handles \item{}{} directly checkRd: (-1) degross.object.Rd:13: Lost braces in \itemize; \value handles \item{}{} directly checkRd: (-1) degross.object.Rd:14: Lost braces in \itemize; \value handles \item{}{} directly checkRd: (-1) degross.object.Rd:15: Lost braces in \itemize; \value handles \item{}{} directly checkRd: (-1) degross.object.Rd:16: Lost braces in \itemize; \value handles \item{}{} directly checkRd: (-1) degross.object.Rd:17: Lost braces in \itemize; \value handles \item{}{} directly checkRd: (-1) degross.object.Rd:18: Lost braces in \itemize; \value handles \item{}{} directly checkRd: (-1) degross.object.Rd:19: Lost braces in \itemize; \value handles \item{}{} directly checkRd: (-1) degross.object.Rd:20: Lost braces in \itemize; \value handles \item{}{} directly checkRd: (-1) degross.object.Rd:21: Lost braces in \itemize; \value handles \item{}{} directly checkRd: (-1) degross.object.Rd:22: Lost braces in \itemize; \value handles \item{}{} directly checkRd: (-1) degross.object.Rd:23: Lost braces in \itemize; \value handles \item{}{} directly checkRd: (-1) degross.object.Rd:24: Lost braces in \itemize; \value handles \item{}{} directly checkRd: (-1) degross.object.Rd:25: Lost braces in \itemize; \value handles \item{}{} directly checkRd: (-1) degross.object.Rd:26: Lost braces in \itemize; \value handles \item{}{} directly checkRd: (-1) degross.object.Rd:27: Lost braces in \itemize; \value handles \item{}{} directly checkRd: (-1) degross.object.Rd:28-29: Lost braces in \itemize; \value handles \item{}{} directly checkRd: (-1) degross.object.Rd:29: Lost braces 29 | \item{\code{bic} : \verb{ }}{-2}(\code{llik.mj} + \code{moments.penalty}) + \eqn{\log(n)}*\code{edf}.} | ^ checkRd: (-1) degross.object.Rd:29: Lost braces 29 | \item{\code{bic} : \verb{ }}{-2}(\code{llik.mj} + \code{moments.penalty}) + \eqn{\log(n)}*\code{edf}.} | ^ checkRd: (-1) degross.object.Rd:30: Lost braces in \itemize; \value handles \item{}{} directly checkRd: (-1) degross.object.Rd:31: Lost braces in \itemize; \value handles \item{}{} directly checkRd: (-1) degross.object.Rd:32: Lost braces in \itemize; \value handles \item{}{} directly checkRd: (-1) degross.object.Rd:33: Lost braces in \itemize; \value handles \item{}{} directly checkRd: (-1) degross.object.Rd:34: Lost braces in \itemize; \value handles \item{}{} directly checkRd: (-1) degrossData.Rd:23: Lost braces in \itemize; \value handles \item{}{} directly checkRd: (-1) degrossData.Rd:24: Lost braces in \itemize; \value handles \item{}{} directly checkRd: (-1) degrossData.Rd:25: Lost braces in \itemize; \value handles \item{}{} directly checkRd: (-1) degrossData.Rd:26: Lost braces in \itemize; \value handles \item{}{} directly checkRd: (-1) degrossData.Rd:27: Lost braces in \itemize; \value handles \item{}{} directly checkRd: (-1) degrossData.Rd:28: Lost braces in \itemize; \value handles \item{}{} directly checkRd: (-1) degrossData.Rd:29: Lost braces in \itemize; \value handles \item{}{} directly checkRd: (-1) degrossData.Rd:30: Lost braces in \itemize; \value handles \item{}{} directly checkRd: (-1) degrossData.Rd:31: Lost braces in \itemize; \value handles \item{}{} directly checkRd: (-1) degrossData.Rd:32: Lost braces in \itemize; \value handles \item{}{} directly checkRd: (-1) degrossData.Rd:33: Lost braces in \itemize; \value handles \item{}{} directly checkRd: (-1) degrossData.Rd:34: Lost braces in \itemize; \value handles \item{}{} directly checkRd: (-1) degrossData.object.Rd:9: Lost braces in \itemize; \value handles \item{}{} directly checkRd: (-1) degrossData.object.Rd:10: Lost braces in \itemize; \value handles \item{}{} directly checkRd: (-1) degrossData.object.Rd:11: Lost braces in \itemize; \value handles \item{}{} directly checkRd: (-1) degrossData.object.Rd:12: Lost braces in \itemize; \value handles \item{}{} directly checkRd: (-1) degrossData.object.Rd:13: Lost braces in \itemize; \value handles \item{}{} directly checkRd: (-1) degrossData.object.Rd:14: Lost braces in \itemize; \value handles \item{}{} directly checkRd: (-1) degrossData.object.Rd:15: Lost braces in \itemize; \value handles \item{}{} directly checkRd: (-1) degrossData.object.Rd:16: Lost braces in \itemize; \value handles \item{}{} directly checkRd: (-1) degrossData.object.Rd:17: Lost braces in \itemize; \value handles \item{}{} directly checkRd: (-1) degrossData.object.Rd:18: Lost braces in \itemize; \value handles \item{}{} directly checkRd: (-1) degrossData.object.Rd:19: Lost braces in \itemize; \value handles \item{}{} directly checkRd: (-1) degrossData.object.Rd:20: Lost braces in \itemize; \value handles \item{}{} directly checkRd: (-1) degross_lpost.Rd:38: Lost braces in \itemize; \value handles \item{}{} directly checkRd: (-1) degross_lpost.Rd:39: Lost braces in \itemize; \value handles \item{}{} directly checkRd: (-1) degross_lpost.Rd:40: Lost braces in \itemize; \value handles \item{}{} directly checkRd: (-1) degross_lpost.Rd:41: Lost braces in \itemize; \value handles \item{}{} directly checkRd: (-1) degross_lpost.Rd:42: Lost braces in \itemize; \value handles \item{}{} directly checkRd: (-1) degross_lpost.Rd:43: Lost braces in \itemize; \value handles \item{}{} directly checkRd: (-1) degross_lpost.Rd:44: Lost braces in \itemize; \value handles \item{}{} directly checkRd: (-1) degross_lpost.Rd:45: Lost braces in \itemize; \value handles \item{}{} directly checkRd: (-1) degross_lpost.Rd:46: Lost braces in \itemize; \value handles \item{}{} directly checkRd: (-1) degross_lpost.Rd:47: Lost braces in \itemize; \value handles \item{}{} directly checkRd: (-1) degross_lpost.Rd:48: Lost braces in \itemize; \value handles \item{}{} directly checkRd: (-1) degross_lpost.Rd:49: Lost braces in \itemize; \value handles \item{}{} directly checkRd: (-1) degross_lpost.Rd:50: Lost braces in \itemize; \value handles \item{}{} directly checkRd: (-1) degross_lpost.Rd:51: Lost braces in \itemize; \value handles \item{}{} directly checkRd: (-1) degross_lpost.Rd:52: Lost braces in \itemize; \value handles \item{}{} directly checkRd: (-1) degross_lpost.Rd:53: Lost braces in \itemize; \value handles \item{}{} directly checkRd: (-1) degross_lpost.Rd:54: Lost braces in \itemize; \value handles \item{}{} directly checkRd: (-1) degross_lpost.Rd:55: Lost braces in \itemize; \value handles \item{}{} directly checkRd: (-1) degross_lpostBasic.Rd:41: Lost braces in \itemize; \value handles \item{}{} directly checkRd: (-1) degross_lpostBasic.Rd:42: Lost braces in \itemize; \value handles \item{}{} directly checkRd: (-1) degross_lpostBasic.Rd:43: Lost braces in \itemize; \value handles \item{}{} directly checkRd: (-1) degross_lpostBasic.Rd:44: Lost braces in \itemize; \value handles \item{}{} directly checkRd: (-1) degross_lpostBasic.Rd:45: Lost braces in \itemize; \value handles \item{}{} directly checkRd: (-1) degross_lpostBasic.Rd:46: Lost braces in \itemize; \value handles \item{}{} directly checkRd: (-1) degross_lpostBasic.Rd:47: Lost braces in \itemize; \value handles \item{}{} directly checkRd: (-1) degross_lpostBasic.Rd:48: Lost braces in \itemize; \value handles \item{}{} directly checkRd: (-1) degross_lpostBasic.Rd:49: Lost braces in \itemize; \value handles \item{}{} directly checkRd: (-1) degross_lpostBasic.Rd:50: Lost braces in \itemize; \value handles \item{}{} directly checkRd: (-1) degross_lpostBasic.Rd:51: Lost braces in \itemize; \value handles \item{}{} directly checkRd: (-1) degross_lpostBasic.Rd:52: Lost braces in \itemize; \value handles \item{}{} directly checkRd: (-1) degross_lpostBasic.Rd:53: Lost braces in \itemize; \value handles \item{}{} directly checkRd: (-1) degross_lpostBasic.Rd:54: Lost braces in \itemize; \value handles \item{}{} directly checkRd: (-1) degross_lpostBasic.Rd:55: Lost braces in \itemize; \value handles \item{}{} directly checkRd: (-1) simDegrossData.Rd:21: Lost braces in \itemize; \value handles \item{}{} directly checkRd: (-1) simDegrossData.Rd:22: Lost braces in \itemize; \value handles \item{}{} directly checkRd: (-1) simDegrossData.Rd:23: Lost braces in \itemize; \value handles \item{}{} directly checkRd: (-1) simDegrossData.Rd:24: Lost braces in \itemize; \value handles \item{}{} directly checkRd: (-1) simDegrossData.Rd:25: Lost braces in \itemize; \value handles \item{}{} directly checkRd: (-1) simDegrossData.Rd:26: Lost braces in \itemize; \value handles \item{}{} directly checkRd: (-1) simDegrossData.Rd:27: Lost braces in \itemize; \value handles \item{}{} directly Flavors: r-devel-linux-x86_64-debian-clang, r-devel-linux-x86_64-debian-gcc, r-devel-linux-x86_64-fedora-clang, r-devel-linux-x86_64-fedora-gcc, r-devel-windows-x86_64, r-patched-linux-x86_64, r-release-linux-x86_64, r-release-macos-arm64, r-release-windows-x86_64