CRAN Package Check Results for Package derivmkts

Last updated on 2024-02-26 16:56:22 CET.

Flavor Version Tinstall Tcheck Ttotal Status Flags
r-devel-linux-x86_64-debian-clang 0.2.5 5.58 65.10 70.68 NOTE
r-devel-linux-x86_64-debian-gcc 0.2.5 3.29 49.47 52.76 NOTE
r-devel-linux-x86_64-fedora-clang 0.2.5 87.83 NOTE
r-devel-linux-x86_64-fedora-gcc 0.2.5 96.15 NOTE
r-devel-windows-x86_64 0.2.5 6.00 122.00 128.00 NOTE
r-patched-linux-x86_64 0.2.5 6.18 63.01 69.19 NOTE
r-release-linux-x86_64 0.2.5 5.50 62.86 68.36 NOTE
r-release-macos-arm64 0.2.5 36.00 NOTE
r-release-macos-x86_64 0.2.5 48.00 NOTE
r-release-windows-x86_64 0.2.5 8.00 112.00 120.00 NOTE
r-oldrel-macos-arm64 0.2.5 32.00 OK
r-oldrel-windows-x86_64 0.2.5 8.00 115.00 123.00 OK

Check Details

Version: 0.2.5
Check: Rd files
Result: NOTE checkRd: (-1) barriers.Rd:127: Escaped LaTeX specials: \$ Flavors: r-devel-linux-x86_64-debian-clang, r-devel-linux-x86_64-debian-gcc, r-devel-linux-x86_64-fedora-clang, r-devel-linux-x86_64-fedora-gcc, r-devel-windows-x86_64, r-patched-linux-x86_64, r-release-linux-x86_64, r-release-macos-arm64, r-release-macos-x86_64, r-release-windows-x86_64