CRAN Package Check Results for Package desla

Last updated on 2024-03-02 16:54:43 CET.

Flavor Version Tinstall Tcheck Ttotal Status Flags
r-devel-linux-x86_64-debian-clang 0.3.0 56.58 36.27 92.85 OK
r-devel-linux-x86_64-debian-gcc 0.3.0 50.25 28.49 78.74 OK
r-devel-linux-x86_64-fedora-clang 0.3.0 134.04 OK
r-devel-linux-x86_64-fedora-gcc 0.3.0 142.39 OK
r-devel-windows-x86_64 0.3.0 45.00 70.00 115.00 OK
r-patched-linux-x86_64 0.3.0 57.16 35.43 92.59 OK
r-release-linux-x86_64 0.3.0 61.51 35.72 97.23 OK
r-release-macos-arm64 0.3.0 35.00 NOTE
r-release-macos-x86_64 0.3.0 76.00 NOTE
r-release-windows-x86_64 0.3.0 56.00 83.00 139.00 OK
r-oldrel-macos-arm64 0.3.0 36.00 NOTE
r-oldrel-windows-x86_64 0.3.0 50.00 76.00 126.00 OK

Check Details

Version: 0.3.0
Check: installed package size
Result: NOTE installed size is 5.9Mb sub-directories of 1Mb or more: libs 5.7Mb Flavors: r-release-macos-arm64, r-release-macos-x86_64, r-oldrel-macos-arm64