CRAN Package Check Results for Package dextergui

Last updated on 2024-02-27 16:49:13 CET.

Flavor Version Tinstall Tcheck Ttotal Status Flags
r-devel-linux-x86_64-debian-clang 0.2.6 15.52 111.23 126.75 OK
r-devel-linux-x86_64-debian-gcc 0.2.6 13.42 83.31 96.73 OK
r-devel-linux-x86_64-fedora-clang 0.2.6 165.62 NOTE
r-devel-linux-x86_64-fedora-gcc 0.2.6 171.33 OK
r-devel-windows-x86_64 0.2.6 15.00 92.00 107.00 OK
r-patched-linux-x86_64 0.2.6 11.24 105.05 116.29 OK
r-release-linux-x86_64 0.2.6 11.33 106.30 117.63 OK
r-release-macos-arm64 0.2.6 51.00 OK
r-release-macos-x86_64 0.2.6 90.00 NOTE
r-release-windows-x86_64 0.2.6 21.00 109.00 130.00 OK
r-oldrel-macos-arm64 0.2.6 41.00 OK
r-oldrel-windows-x86_64 0.2.6 23.00 114.00 137.00 OK

Check Details

Version: 0.2.6
Check: package dependencies
Result: NOTE Imports includes 22 non-default packages. Importing from so many packages makes the package vulnerable to any of them becoming unavailable. Move as many as possible to Suggests and use conditionally. Flavor: r-devel-linux-x86_64-fedora-clang

Version: 0.2.6
Check: package dependencies
Result: NOTE Packages suggested but not available for checking: 'psych', 'sirt' Flavor: r-release-macos-x86_64