Last updated on 2024-05-04 16:54:01 CEST.
Flavor | Version | Tinstall | Tcheck | Ttotal | Status | Flags |
---|---|---|---|---|---|---|
r-devel-linux-x86_64-debian-clang | 0.2.6 | 17.14 | 115.63 | 132.77 | OK | |
r-devel-linux-x86_64-debian-gcc | 0.2.6 | 13.35 | 83.38 | 96.73 | OK | |
r-devel-linux-x86_64-fedora-clang | 0.2.6 | 165.25 | NOTE | |||
r-devel-linux-x86_64-fedora-gcc | 0.2.6 | 171.48 | OK | |||
r-devel-windows-x86_64 | 0.2.6 | 17.00 | 93.00 | 110.00 | OK | |
r-patched-linux-x86_64 | 0.2.6 | 15.15 | 109.40 | 124.55 | OK | |
r-release-linux-x86_64 | 0.2.6 | 11.17 | 106.84 | 118.01 | OK | |
r-release-macos-arm64 | 0.2.6 | 55.00 | OK | |||
r-release-windows-x86_64 | 0.2.6 | 14.00 | 93.00 | 107.00 | OK | |
r-oldrel-macos-arm64 | 0.2.6 | 51.00 | OK | |||
r-oldrel-macos-x86_64 | 0.2.6 | 90.00 | NOTE | |||
r-oldrel-windows-x86_64 | 0.2.6 | 19.00 | 111.00 | 130.00 | OK |
Version: 0.2.6
Check: package dependencies
Result: NOTE
Imports includes 22 non-default packages.
Importing from so many packages makes the package vulnerable to any of
them becoming unavailable. Move as many as possible to Suggests and
use conditionally.
Flavor: r-devel-linux-x86_64-fedora-clang
Version: 0.2.6
Check: package dependencies
Result: NOTE
Packages suggested but not available for checking: 'psych', 'sirt'
Flavor: r-oldrel-macos-x86_64