Last updated on 2024-05-06 00:52:39 CEST.
Flavor | Version | Tinstall | Tcheck | Ttotal | Status | Flags |
---|---|---|---|---|---|---|
r-devel-linux-x86_64-debian-clang | 0.2.1 | 89.75 | 114.28 | 204.03 | OK | |
r-devel-linux-x86_64-debian-gcc | 0.2.1 | 60.67 | 100.29 | 160.96 | OK | |
r-devel-linux-x86_64-fedora-clang | 0.2.1 | 275.40 | NOTE | |||
r-devel-linux-x86_64-fedora-gcc | 0.2.1 | 310.52 | NOTE | |||
r-devel-windows-x86_64 | 0.2.1 | 63.00 | 144.00 | 207.00 | OK | |
r-patched-linux-x86_64 | 0.2.1 | 79.38 | 121.13 | 200.51 | OK | |
r-release-linux-x86_64 | 0.2.1 | 77.07 | 122.76 | 199.83 | OK | |
r-release-macos-arm64 | 0.2.1 | 76.00 | NOTE | |||
r-release-windows-x86_64 | 0.2.1 | 65.00 | 141.00 | 206.00 | OK | |
r-oldrel-macos-arm64 | 0.2.1 | 82.00 | NOTE | |||
r-oldrel-macos-x86_64 | 0.2.1 | 156.00 | NOTE | |||
r-oldrel-windows-x86_64 | 0.2.1 | 81.00 | 164.00 | 245.00 | OK |
Version: 0.2.1
Check: dependencies in R code
Result: NOTE
Namespace in Imports field not imported from: ‘Rcpp’
All declared Imports should be used.
Flavors: r-devel-linux-x86_64-fedora-clang, r-devel-linux-x86_64-fedora-gcc
Version: 0.2.1
Check: installed package size
Result: NOTE
installed size is 6.0Mb
sub-directories of 1Mb or more:
doc 1.9Mb
libs 3.8Mb
Flavors: r-release-macos-arm64, r-oldrel-macos-arm64, r-oldrel-macos-x86_64