CRAN Package Check Results for Package dfmta

Last updated on 2024-02-22 08:54:06 CET.

Flavor Version Tinstall Tcheck Ttotal Status Flags
r-devel-linux-x86_64-debian-clang 1.7-3 NOTE
r-devel-linux-x86_64-debian-gcc 1.7-3 22.97 20.68 43.65 NOTE
r-devel-linux-x86_64-fedora-clang 1.7-3 74.47 NOTE
r-devel-linux-x86_64-fedora-gcc 1.7-3 76.12 NOTE
r-devel-windows-x86_64 1.7-3 29.00 63.00 92.00 NOTE
r-patched-linux-x86_64 1.7-3 28.08 26.42 54.50 NOTE
r-release-linux-x86_64 1.7-3 28.00 26.81 54.81 NOTE
r-release-macos-arm64 1.7-3 35.00 NOTE
r-release-macos-x86_64 1.7-3 45.00 NOTE
r-release-windows-x86_64 1.7-3 36.00 73.00 109.00 NOTE
r-oldrel-macos-arm64 1.7-3 28.00 OK
r-oldrel-windows-x86_64 1.7-3 26.00 67.00 93.00 OK

Check Details

Version: 1.7-3
Check: C++ specification
Result: NOTE Specified C++11: please drop specification unless essential Flavors: r-devel-linux-x86_64-debian-clang, r-devel-linux-x86_64-debian-gcc, r-devel-linux-x86_64-fedora-clang, r-devel-linux-x86_64-fedora-gcc, r-devel-windows-x86_64, r-patched-linux-x86_64, r-release-linux-x86_64, r-release-macos-arm64, r-release-macos-x86_64, r-release-windows-x86_64

Version: 1.7-3
Check: Rd files
Result: NOTE checkRd: (-1) mtaBin_next.Rd:27: Lost braces 27 | \item{s_1}{A function depending on the number of patients included used for adaptive randomization in plateau determination, only used if the estimation method chosen is "MTA-RA". The default function is function(n_cur,n){0.2}.} | ^ checkRd: (-1) mtaBin_sim.Rd:30: Lost braces 30 | \item{s_1}{A function depending on the number of patients included used for adaptive randomization in plateau determination, only used if the estimation method chosen is "MTA-RA". The default function is function(n_cur){0.2}.} | ^ Flavors: r-devel-linux-x86_64-debian-clang, r-devel-linux-x86_64-debian-gcc