Last updated on 2024-04-18 08:54:26 CEST.
Flavor | Version | Tinstall | Tcheck | Ttotal | Status | Flags |
---|---|---|---|---|---|---|
r-devel-linux-x86_64-debian-clang | 1.1 | 28.73 | 135.89 | 164.62 | NOTE | |
r-devel-linux-x86_64-debian-gcc | 1.1 | 21.99 | 100.93 | 122.92 | NOTE | |
r-devel-linux-x86_64-fedora-clang | 1.1 | 210.58 | NOTE | |||
r-devel-linux-x86_64-fedora-gcc | 1.1 | 196.50 | NOTE | |||
r-prerel-macos-arm64 | 1.1 | 48.00 | NOTE | |||
r-prerel-windows-x86_64 | 1.1 | 16.00 | 110.00 | 126.00 | NOTE | |
r-patched-linux-x86_64 | 1.1 | 27.60 | 130.20 | 157.80 | NOTE | |
r-release-linux-x86_64 | 1.1 | 25.82 | 135.99 | 161.81 | NOTE | |
r-release-macos-arm64 | 1.1 | 40.00 | NOTE | |||
r-release-macos-x86_64 | 1.1 | 70.00 | NOTE | |||
r-release-windows-x86_64 | 1.1 | 20.00 | 129.00 | 149.00 | NOTE | |
r-oldrel-macos-arm64 | 1.1 | 41.00 | NOTE | |||
r-oldrel-windows-x86_64 | 1.1 | 20.00 | 137.00 | 157.00 | NOTE |
Version: 1.1
Check: LazyData
Result: NOTE
'LazyData' is specified without a 'data' directory
Flavors: r-devel-linux-x86_64-debian-clang, r-devel-linux-x86_64-debian-gcc, r-devel-linux-x86_64-fedora-clang, r-devel-linux-x86_64-fedora-gcc, r-prerel-macos-arm64, r-prerel-windows-x86_64, r-patched-linux-x86_64, r-release-linux-x86_64, r-release-macos-arm64, r-release-macos-x86_64, r-release-windows-x86_64, r-oldrel-macos-arm64, r-oldrel-windows-x86_64