CRAN Package Check Results for Package dfped

Last updated on 2023-09-24 00:56:40 CEST.

Flavor Version Tinstall Tcheck Ttotal Status Flags
r-devel-linux-x86_64-debian-clang 1.1 26.82 212.61 239.43 NOTE
r-devel-linux-x86_64-debian-gcc 1.1 18.63 152.30 170.93 NOTE
r-devel-linux-x86_64-fedora-clang 1.1 292.40 NOTE
r-devel-linux-x86_64-fedora-gcc 1.1 278.78 NOTE
r-devel-windows-x86_64 1.1 21.00 169.00 190.00 NOTE
r-patched-linux-x86_64 1.1 21.49 198.03 219.52 NOTE
r-release-linux-x86_64 1.1 20.98 196.68 217.66 NOTE
r-release-macos-arm64 1.1 40.00 NOTE
r-release-macos-x86_64 1.1 70.00 NOTE
r-release-windows-x86_64 1.1 28.00 198.00 226.00 NOTE
r-oldrel-macos-arm64 1.1 41.00 NOTE
r-oldrel-macos-x86_64 1.1 75.00 NOTE
r-oldrel-windows-x86_64 1.1 28.00 198.00 226.00 NOTE

Check Details

Version: 1.1
Check: LazyData
Result: NOTE
     'LazyData' is specified without a 'data' directory
Flavors: r-devel-linux-x86_64-debian-clang, r-devel-linux-x86_64-debian-gcc, r-devel-linux-x86_64-fedora-clang, r-devel-linux-x86_64-fedora-gcc, r-devel-windows-x86_64, r-patched-linux-x86_64, r-release-linux-x86_64, r-release-macos-arm64, r-release-macos-x86_64, r-release-windows-x86_64, r-oldrel-macos-arm64, r-oldrel-macos-x86_64, r-oldrel-windows-x86_64