CRAN Package Check Results for Package dga

Last updated on 2024-02-25 16:51:39 CET.

Flavor Version Tinstall Tcheck Ttotal Status Flags
r-devel-linux-x86_64-debian-clang 2.0.1 33.77 41.94 75.71 NOTE
r-devel-linux-x86_64-debian-gcc 2.0.1 26.27 31.93 58.20 NOTE
r-devel-linux-x86_64-fedora-clang 2.0.1 102.09 NOTE
r-devel-linux-x86_64-fedora-gcc 2.0.1 100.42 NOTE
r-devel-windows-x86_64 2.0.1 27.00 75.00 102.00 NOTE
r-patched-linux-x86_64 2.0.1 31.02 40.82 71.84 NOTE
r-release-linux-x86_64 2.0.1 36.00 40.19 76.19 NOTE
r-release-macos-arm64 2.0.1 30.00 NOTE
r-release-macos-x86_64 2.0.1 48.00 NOTE
r-release-windows-x86_64 2.0.1 34.00 86.00 120.00 NOTE
r-oldrel-macos-arm64 2.0.1 30.00 OK
r-oldrel-windows-x86_64 2.0.1 33.00 82.00 115.00 OK

Check Details

Version: 2.0.1
Check: C++ specification
Result: NOTE Specified C++11: please drop specification unless essential Flavors: r-devel-linux-x86_64-debian-clang, r-devel-linux-x86_64-debian-gcc, r-devel-linux-x86_64-fedora-clang, r-devel-linux-x86_64-fedora-gcc, r-devel-windows-x86_64, r-patched-linux-x86_64, r-release-linux-x86_64, r-release-macos-arm64, r-release-macos-x86_64, r-release-windows-x86_64