CRAN Package Check Results for Package dglars

Last updated on 2024-02-25 01:01:01 CET.

Flavor Version Tinstall Tcheck Ttotal Status Flags
r-devel-linux-x86_64-debian-clang 2.1.7 41.28 100.84 142.12 NOTE
r-devel-linux-x86_64-debian-gcc 2.1.7 24.03 75.23 99.26 NOTE
r-devel-linux-x86_64-fedora-clang 2.1.7 169.68 OK
r-devel-linux-x86_64-fedora-gcc 2.1.7 169.58 OK
r-devel-windows-x86_64 2.1.7 29.00 105.00 134.00 OK
r-patched-linux-x86_64 2.1.7 32.83 98.01 130.84 OK
r-release-linux-x86_64 2.1.7 30.04 100.20 130.24 OK
r-release-macos-arm64 2.1.7 58.00 OK
r-release-macos-x86_64 2.1.7 125.00 OK
r-release-windows-x86_64 2.1.7 37.00 121.00 158.00 OK
r-oldrel-macos-arm64 2.1.7 67.00 OK
r-oldrel-windows-x86_64 2.1.7 34.00 121.00 155.00 OK

Check Details

Version: 2.1.7
Check: Rd files
Result: NOTE checkRd: (-1) AIC.dglars.Rd:47: Lost braces 47 | \item{comp}{the measures of model complexity used to compute the measure of goodness-of-fit. It is equal to \code{npar} when code{complexity = "df"};} | ^ checkRd: (-1) dglars.Rd:258: Lost braces 258 | \item{\code{7}}{maximum number of solution points ('code{np}') reached.} | ^ Flavors: r-devel-linux-x86_64-debian-clang, r-devel-linux-x86_64-debian-gcc