CRAN Package Check Results for Package diffudist

Last updated on 2024-03-03 01:00:41 CET.

Flavor Version Tinstall Tcheck Ttotal Status Flags
r-devel-linux-x86_64-debian-clang 1.0.1 43.46 69.03 112.49 OK
r-devel-linux-x86_64-debian-gcc 1.0.1 34.35 54.21 88.56 OK
r-devel-linux-x86_64-fedora-clang 1.0.1 152.28 OK
r-devel-linux-x86_64-fedora-gcc 1.0.1 162.75 OK
r-devel-windows-x86_64 1.0.1 39.00 93.00 132.00 OK
r-patched-linux-x86_64 1.0.1 40.45 67.47 107.92 OK
r-release-linux-x86_64 1.0.1 47.52 68.82 116.34 OK
r-release-macos-arm64 1.0.1 52.00 OK
r-release-macos-x86_64 1.0.1 73.00 NOTE
r-release-windows-x86_64 1.0.1 48.00 108.00 156.00 OK
r-oldrel-macos-arm64 1.0.1 45.00 OK
r-oldrel-windows-x86_64 1.0.1 42.00 107.00 149.00 OK

Check Details

Version: 1.0.1
Check: package dependencies
Result: NOTE Package suggested but not available for checking: ‘parallelDist’ Flavor: r-release-macos-x86_64