CRAN Package Check Results for Package dimRed

Last updated on 2024-02-29 15:53:43 CET.

Flavor Version Tinstall Tcheck Ttotal Status Flags
r-devel-linux-x86_64-debian-clang 0.2.6 18.31 275.52 293.83 NOTE
r-devel-linux-x86_64-debian-gcc 0.2.6 17.68 205.91 223.59 NOTE
r-devel-linux-x86_64-fedora-clang 0.2.6 365.53 NOTE
r-devel-linux-x86_64-fedora-gcc 0.2.6 394.02 NOTE
r-devel-windows-x86_64 0.2.6 18.00 244.00 262.00 OK
r-patched-linux-x86_64 0.2.6 19.91 261.58 281.49 OK
r-release-linux-x86_64 0.2.6 20.63 267.87 288.50 OK
r-release-macos-arm64 0.2.6 114.00 OK
r-release-macos-x86_64 0.2.6 207.00 OK
r-release-windows-x86_64 0.2.6 25.00 298.00 323.00 OK
r-oldrel-macos-arm64 0.2.6 105.00 OK
r-oldrel-windows-x86_64 0.2.6 27.00 293.00 320.00 OK

Additional issues

M1mac

Check Details

Version: 0.2.6
Check: Rd files
Result: NOTE checkRd: (-1) DRR-class.Rd:79: Lost braces; missing escapes or markup? 79 | n^{1/3} up to sacrificing some accuracy, for details see | ^ Flavors: r-devel-linux-x86_64-debian-clang, r-devel-linux-x86_64-debian-gcc, r-devel-linux-x86_64-fedora-clang, r-devel-linux-x86_64-fedora-gcc

Version: 0.2.6
Check: Rd cross-references
Result: NOTE Undeclared package ‘CVST’ in Rd xrefs Flavor: r-devel-linux-x86_64-fedora-clang