CRAN Package Check Results for Package disclapmix

Last updated on 2024-02-29 00:55:38 CET.

Flavor Version Tinstall Tcheck Ttotal Status Flags
r-devel-linux-x86_64-debian-clang 1.7.4 34.98 82.28 117.26 NOTE
r-devel-linux-x86_64-debian-gcc 1.7.4 31.52 59.26 90.78 NOTE
r-devel-linux-x86_64-fedora-clang 1.7.4 163.18 NOTE
r-devel-linux-x86_64-fedora-gcc 1.7.4 175.35 NOTE
r-devel-windows-x86_64 1.7.4 31.00 109.00 140.00 NOTE
r-patched-linux-x86_64 1.7.4 35.43 79.33 114.76 NOTE
r-release-linux-x86_64 1.7.4 34.08 79.53 113.61 NOTE
r-release-macos-arm64 1.7.4 56.00 NOTE
r-release-macos-x86_64 1.7.4 88.00 NOTE
r-release-windows-x86_64 1.7.4 30.00 122.00 152.00 NOTE
r-oldrel-macos-arm64 1.7.4 54.00 OK
r-oldrel-windows-x86_64 1.7.4 39.00 120.00 159.00 OK

Check Details

Version: 1.7.4
Check: C++ specification
Result: NOTE Specified C++11: please drop specification unless essential Flavors: r-devel-linux-x86_64-debian-clang, r-devel-linux-x86_64-debian-gcc, r-devel-linux-x86_64-fedora-clang, r-devel-linux-x86_64-fedora-gcc, r-devel-windows-x86_64, r-patched-linux-x86_64, r-release-linux-x86_64, r-release-macos-arm64, r-release-macos-x86_64, r-release-windows-x86_64