CRAN Package Check Results for Package dispositionEffect

Last updated on 2024-03-03 01:00:41 CET.

Flavor Version Tinstall Tcheck Ttotal Status Flags
r-devel-linux-x86_64-debian-clang 1.0.1 3.94 157.57 161.51 OK
r-devel-linux-x86_64-debian-gcc 1.0.1 4.14 117.31 121.45 OK
r-devel-linux-x86_64-fedora-clang 1.0.1 207.71 OK
r-devel-linux-x86_64-fedora-gcc 1.0.1 202.57 OK
r-devel-windows-x86_64 1.0.1 6.00 124.00 130.00 OK
r-patched-linux-x86_64 1.0.1 5.39 150.53 155.92 OK
r-release-linux-x86_64 1.0.1 4.49 150.71 155.20 OK
r-release-macos-arm64 1.0.1 67.00 ERROR
r-release-macos-x86_64 1.0.1 132.00 ERROR
r-release-windows-x86_64 1.0.1 7.00 161.00 168.00 OK
r-oldrel-macos-arm64 1.0.1 64.00 ERROR
r-oldrel-windows-x86_64 1.0.1 8.00 158.00 166.00 OK

Check Details

Version: 1.0.1
Check: tests
Result: ERROR Running ‘testthat.R’ [4s/4s] Running the tests in ‘tests/testthat.R’ failed. Last 13 lines of output: realized_duration(...) not equal to c(...). 1/4 mismatches [1] 29 - 28 == 1 ── Failure ('test-realized_duration.R:158:2'): realized_duration works (realized_only = TRUE) ── realized_duration(...) not equal to c(...). 1/4 mismatches [2] 29 - 28 == 1 ── Failure ('test-realized_duration.R:161:2'): realized_duration works (realized_only = TRUE) ── realized_duration(...) not equal to c(...). 1/4 mismatches [1] 29 - 28 == 1 [ FAIL 36 | WARN 0 | SKIP 0 | PASS 331 ] Error: Test failures Execution halted Flavors: r-release-macos-arm64, r-oldrel-macos-arm64

Version: 1.0.1
Check: tests
Result: ERROR Running ‘testthat.R’ [6s/9s] Running the tests in ‘tests/testthat.R’ failed. Last 13 lines of output: realized_duration(...) not equal to c(...). 1/4 mismatches [1] 31 - 28 == 3 ── Failure ('test-realized_duration.R:158:2'): realized_duration works (realized_only = TRUE) ── realized_duration(...) not equal to c(...). 1/4 mismatches [2] 31 - 28 == 3 ── Failure ('test-realized_duration.R:161:2'): realized_duration works (realized_only = TRUE) ── realized_duration(...) not equal to c(...). 1/4 mismatches [1] 31 - 28 == 3 [ FAIL 36 | WARN 0 | SKIP 0 | PASS 331 ] Error: Test failures Execution halted Flavor: r-release-macos-x86_64