CRAN Package Check Results for Package disto

Last updated on 2024-02-23 00:59:27 CET.

Flavor Version Tinstall Tcheck Ttotal Status Flags
r-devel-linux-x86_64-debian-clang 0.2.0 NOTE
r-devel-linux-x86_64-debian-gcc 0.2.0 2.41 33.27 35.68 NOTE
r-devel-linux-x86_64-fedora-clang 0.2.0 57.14 NOTE
r-devel-linux-x86_64-fedora-gcc 0.2.0 67.12 NOTE
r-devel-windows-x86_64 0.2.0 5.00 68.00 73.00 NOTE
r-patched-linux-x86_64 0.2.0 3.24 41.93 45.17 NOTE
r-release-linux-x86_64 0.2.0 2.90 41.54 44.44 NOTE
r-release-macos-arm64 0.2.0 31.00 NOTE
r-release-macos-x86_64 0.2.0 37.00 NOTE
r-release-windows-x86_64 0.2.0 6.00 70.00 76.00 NOTE
r-oldrel-macos-arm64 0.2.0 23.00 NOTE
r-oldrel-windows-x86_64 0.2.0 6.00 71.00 77.00 OK

Check Details

Version: 0.2.0
Check: package subdirectories
Result: NOTE Problems with news in ‘NEWS.md’: No news entries found. Flavors: r-devel-linux-x86_64-debian-clang, r-devel-linux-x86_64-debian-gcc, r-devel-linux-x86_64-fedora-clang, r-devel-linux-x86_64-fedora-gcc, r-devel-windows-x86_64, r-patched-linux-x86_64, r-release-linux-x86_64, r-release-macos-arm64, r-release-macos-x86_64, r-release-windows-x86_64

Version: 0.2.0
Check: Rd files
Result: NOTE checkRd: (-1) dapply.Rd:27-30: Lost braces 27 | udf <- function(x){ | ^ Flavors: r-devel-linux-x86_64-debian-clang, r-devel-linux-x86_64-debian-gcc

Version: 0.2.0
Check: dependencies in R code
Result: NOTE Namespaces in Imports field not imported from: ‘dplyr’ ‘proxy’ All declared Imports should be used. Flavors: r-devel-linux-x86_64-fedora-clang, r-devel-linux-x86_64-fedora-gcc, r-oldrel-macos-arm64