Last updated on 2023-09-29 00:56:46 CEST.
Flavor | Version | Tinstall | Tcheck | Ttotal | Status | Flags |
---|---|---|---|---|---|---|
r-devel-linux-x86_64-debian-clang | 2.8.1 | 28.59 | 94.23 | 122.82 | OK | |
r-devel-linux-x86_64-debian-gcc | 2.8.1 | 25.39 | 72.91 | 98.30 | OK | |
r-devel-linux-x86_64-fedora-clang | 2.8.1 | 156.87 | OK | |||
r-devel-linux-x86_64-fedora-gcc | 2.8.1 | 162.54 | OK | |||
r-devel-windows-x86_64 | 2.8.1 | 25.00 | 98.00 | 123.00 | OK | |
r-patched-linux-x86_64 | 2.8.1 | 31.89 | 88.95 | 120.84 | OK | |
r-release-linux-x86_64 | 2.8.1 | 33.61 | 92.85 | 126.46 | OK | |
r-release-macos-arm64 | 2.8.1 | 51.00 | NOTE | |||
r-release-macos-x86_64 | 2.8.1 | 80.00 | OK | |||
r-release-windows-x86_64 | 2.8.1 | 29.00 | 109.00 | 138.00 | OK | |
r-oldrel-macos-arm64 | 2.8.1 | 48.00 | OK | |||
r-oldrel-macos-x86_64 | 2.8.1 | 60.00 | OK | |||
r-oldrel-windows-x86_64 | 2.8.1 | 40.00 | 114.00 | 154.00 | OK |
Version: 2.8.1
Check: package dependencies
Result: NOTE
Package suggested but not available for checking: ‘distrTEst’
Flavor: r-release-macos-arm64