CRAN Package Check Results for Package distro

Last updated on 2024-04-22 16:55:56 CEST.

Flavor Version Tinstall Tcheck Ttotal Status Flags
r-devel-linux-x86_64-debian-clang 0.1.0 1.64 21.22 22.86 NOTE
r-devel-linux-x86_64-debian-gcc 0.1.0 1.59 16.95 18.54 NOTE
r-devel-linux-x86_64-fedora-clang 0.1.0 30.47 NOTE
r-devel-linux-x86_64-fedora-gcc 0.1.0 45.99 NOTE
r-prerel-macos-arm64 0.1.0 19.00 NOTE
r-prerel-windows-x86_64 0.1.0 2.00 39.00 41.00 NOTE
r-patched-linux-x86_64 0.1.0 1.67 21.25 22.92 NOTE
r-release-linux-x86_64 0.1.0 1.44 20.95 22.39 NOTE
r-release-macos-arm64 0.1.0 24.00 NOTE
r-release-macos-x86_64 0.1.0 40.00 NOTE
r-release-windows-x86_64 0.1.0 3.00 38.00 41.00 NOTE
r-oldrel-macos-arm64 0.1.0 26.00 NOTE
r-oldrel-windows-x86_64 0.1.0 3.00 43.00 46.00 NOTE

Check Details

Version: 0.1.0
Check: LazyData
Result: NOTE 'LazyData' is specified without a 'data' directory Flavors: r-devel-linux-x86_64-debian-clang, r-devel-linux-x86_64-debian-gcc, r-devel-linux-x86_64-fedora-clang, r-devel-linux-x86_64-fedora-gcc, r-prerel-macos-arm64, r-prerel-windows-x86_64, r-patched-linux-x86_64, r-release-linux-x86_64, r-release-macos-arm64, r-release-macos-x86_64, r-release-windows-x86_64, r-oldrel-macos-arm64, r-oldrel-windows-x86_64