CRAN Package Check Results for Package diversitree

Last updated on 2024-02-29 15:53:43 CET.

Flavor Version Tinstall Tcheck Ttotal Status Flags
r-devel-linux-x86_64-debian-clang 0.10-0 91.65 129.54 221.19 OK
r-devel-linux-x86_64-debian-gcc 0.10-0 66.43 95.50 161.93 OK
r-devel-linux-x86_64-fedora-clang 0.10-0 317.24 OK
r-devel-linux-x86_64-fedora-gcc 0.10-0 283.93 OK
r-devel-windows-x86_64 0.10-0 79.00 136.00 215.00 OK
r-patched-linux-x86_64 0.10-0 77.34 126.63 203.97 OK
r-release-linux-x86_64 0.10-0 80.20 129.64 209.84 OK
r-release-macos-arm64 0.10-0 79.00 NOTE
r-release-macos-x86_64 0.10-0 156.00 NOTE
r-release-windows-x86_64 0.10-0 104.00 162.00 266.00 OK
r-oldrel-macos-arm64 0.10-0 72.00 NOTE
r-oldrel-windows-x86_64 0.10-0 87.00 155.00 242.00 OK

Additional issues

noRemap

Check Details

Version: 0.10-0
Check: installed package size
Result: NOTE installed size is 7.8Mb sub-directories of 1Mb or more: libs 6.6Mb Flavors: r-release-macos-arm64, r-release-macos-x86_64, r-oldrel-macos-arm64