CRAN Package Check Results for Package dmai

Last updated on 2024-02-21 00:54:26 CET.

Flavor Version Tinstall Tcheck Ttotal Status Flags
r-devel-linux-x86_64-debian-clang 0.4.0 NOTE
r-devel-linux-x86_64-debian-gcc 0.4.0 4.33 37.08 41.41 NOTE
r-devel-linux-x86_64-fedora-clang 0.4.0 64.90 NOTE
r-devel-linux-x86_64-fedora-gcc 0.4.0 63.78 NOTE
r-devel-windows-x86_64 0.4.0 6.00 55.00 61.00 NOTE
r-patched-linux-x86_64 0.4.0 3.49 46.76 50.25 NOTE
r-release-linux-x86_64 0.4.0 3.53 46.22 49.75 NOTE
r-release-macos-arm64 0.4.0 25.00 NOTE
r-release-macos-x86_64 0.4.0 35.00 NOTE
r-release-windows-x86_64 0.4.0 7.00 63.00 70.00 NOTE
r-oldrel-macos-arm64 0.4.0 25.00 NOTE
r-oldrel-windows-x86_64 0.4.0 7.00 65.00 72.00 NOTE

Check Details

Version: 0.4.0
Check: Rd metadata
Result: NOTE Invalid package aliases in Rd file 'dmaiIntro.Rd': ‘dmaiIntro-package’ Flavors: r-devel-linux-x86_64-debian-clang, r-devel-linux-x86_64-debian-gcc, r-devel-linux-x86_64-fedora-clang, r-devel-linux-x86_64-fedora-gcc, r-devel-windows-x86_64

Version: 0.4.0
Check: LazyData
Result: NOTE 'LazyData' is specified without a 'data' directory Flavors: r-devel-linux-x86_64-debian-clang, r-devel-linux-x86_64-debian-gcc, r-devel-linux-x86_64-fedora-clang, r-devel-linux-x86_64-fedora-gcc, r-devel-windows-x86_64, r-patched-linux-x86_64, r-release-linux-x86_64, r-release-macos-arm64, r-release-macos-x86_64, r-release-windows-x86_64, r-oldrel-macos-arm64, r-oldrel-windows-x86_64