Last updated on 2024-03-28 23:55:05 CET.
Flavor | Version | Tinstall | Tcheck | Ttotal | Status | Flags |
---|---|---|---|---|---|---|
r-devel-linux-x86_64-debian-clang | 0.2.1 | 146.30 | 30.49 | 176.79 | NOTE | |
r-devel-linux-x86_64-debian-gcc | 0.2.1 | 99.92 | 23.49 | 123.41 | NOTE | |
r-devel-linux-x86_64-fedora-clang | 0.2.1 | 272.50 | NOTE | |||
r-devel-linux-x86_64-fedora-gcc | 0.2.1 | 246.77 | NOTE | |||
r-devel-windows-x86_64 | 0.2.1 | 103.00 | 64.00 | 167.00 | NOTE | |
r-patched-linux-x86_64 | 0.2.1 | 128.98 | 29.47 | 158.45 | NOTE | |
r-release-linux-x86_64 | 0.2.1 | 124.68 | 29.44 | 154.12 | NOTE | |
r-release-macos-arm64 | 0.2.1 | 57.00 | NOTE | |||
r-release-macos-x86_64 | 0.2.1 | 96.00 | NOTE | |||
r-release-windows-x86_64 | 0.2.1 | 101.00 | 74.00 | 175.00 | NOTE | |
r-oldrel-macos-arm64 | 0.2.1 | 57.00 | NOTE | |||
r-oldrel-windows-x86_64 | 0.2.1 | 120.00 | 69.00 | 189.00 | NOTE |
Version: 0.2.1
Check: LazyData
Result: NOTE
'LazyData' is specified without a 'data' directory
Flavors: r-devel-linux-x86_64-debian-clang, r-devel-linux-x86_64-debian-gcc, r-devel-linux-x86_64-fedora-clang, r-devel-linux-x86_64-fedora-gcc, r-devel-windows-x86_64, r-patched-linux-x86_64, r-release-linux-x86_64, r-release-macos-arm64, r-release-macos-x86_64, r-release-windows-x86_64, r-oldrel-macos-arm64, r-oldrel-windows-x86_64